{"id":237035,"date":"2026-07-21T10:20:31","date_gmt":"2026-07-21T10:20:31","guid":{"rendered":"https:\/\/moto-oprema.com\/?post_type=product&#038;p=237035"},"modified":"2026-07-21T10:20:32","modified_gmt":"2026-07-21T10:20:32","slug":"alpinestars-aeroshell-airflow-tekstilne-hlace-crne","status":"publish","type":"product","link":"https:\/\/moto-oprema.com\/hr\/Artikel\/alpinestars-aeroshell-airflow-tekstilne-hlace-crne\/","title":{"rendered":"ALPINESTARS AEROSHELL AIRFLOW TEKSTILNE HLA\u010cE CRNE"},"content":{"rendered":"<p>Ove tehni\u010dki napredne tekstilne hla\u010de marke Alpinestars razvijene su za bicikliste koji ne \u017eele kompromitirati udobnost ili sigurnost na svojim putovanjima. Svojom laganom, prozra\u010dnom konstrukcijom i sportskim, ergonomskim krojem pru\u017eaju pouzdane performanse i na biciklu i izvan njega.<br \/>\n Opse\u017ene perforacije na bedrima, potkoljenicama, le\u0111ima i krilima osiguravaju u\u010dinkovitu cirkulaciju zraka koja ugodno regulira tjelesnu temperaturu \u010dak i pri visokim temperaturama. Ovu ventilaciju nadopunjuju prozra\u010dni 2D mre\u017easti umeci koji aktivno doprinose regulaciji temperature &#8211; za osje\u0107aj svje\u017eine i suho\u0107e \u010dak i na dugim vo\u017enjama.<br \/>\n Ultra lagana, elasti\u010dna softshell tkanina optimalno se prilago\u0111ava obliku tijela i omogu\u0107uje maksimalnu slobodu kretanja. Unaprijed oblikovani dijelovi koljena smanjuju naprezanje mi\u0161i\u0107a tijekom vo\u017enje i pove\u0107avaju udobnost na duljim putovanjima. Podesivi man\u017eetni oko gle\u017enjeva dr\u017ee hla\u010de sigurno na mjestu, dok elasti\u010dni pojas s integriranom vezicom osigurava individualno pristajanje.<br \/>\n Prakti\u010dni i funkcionalni su i diskretno ugra\u0111eni d\u017eepovi s unutarnje i vanjske strane \u2013 idealni za male potrep\u0161tine bez naru\u0161avanja vitkog dizajna.<br \/>\n Naravno, brine se i o va\u0161oj sigurnosti: hla\u010de su opremljene Bio-Flex CE Level 1 \u0161titnicima za kukove, koji pru\u017eaju u\u010dinkovitu za\u0161titu u slu\u010daju sudara bez ograni\u010davanja pokretljivosti.<br \/>\n Certifikat CE kategorije II prEN17092 &#8211; klase A potvr\u0111uje visoki sigurnosni standard i \u010dini Aeroshell Airflow hla\u010de pouzdanim suputnikom na svim cestama.<\/p>\n","protected":false},"excerpt":{"rendered":"<p>Ove tehni\u010dki napredne tekstilne hla\u010de marke Alpinestars razvijene su za bicikliste koji ne \u017eele kompromitirati udobnost&#8230;<\/p>\n","protected":false},"featured_media":237032,"comment_status":"open","ping_status":"closed","template":"","meta":{"_acf_changed":false},"brand":[2748],"gender":[1313],"product_brand":[],"product_cat":[2832,1356,2857],"product_tag":[],"class_list":{"0":"post-237035","1":"product","2":"type-product","3":"status-publish","4":"has-post-thumbnail","6":"brand-alpinestars-hr","7":"gender-moski","8":"product_cat-hlace-hr","9":"product_cat-motociklisticka-oprema","10":"product_cat-tekstilne-hlace-hr","11":"pa_size-2xl-hr","12":"pa_size-3xl-hr","13":"pa_size-l-hr","14":"pa_size-m-hr","15":"pa_size-s-hr","16":"pa_size-xl-hr","18":"first","19":"instock","20":"sale","21":"taxable","22":"shipping-taxable","23":"purchasable","24":"product-type-variable"},"acf":[],"_links":{"self":[{"href":"https:\/\/moto-oprema.com\/hr\/wp-json\/wp\/v2\/product\/237035","targetHints":{"allow":["GET"]}}],"collection":[{"href":"https:\/\/moto-oprema.com\/hr\/wp-json\/wp\/v2\/product"}],"about":[{"href":"https:\/\/moto-oprema.com\/hr\/wp-json\/wp\/v2\/types\/product"}],"replies":[{"embeddable":true,"href":"https:\/\/moto-oprema.com\/hr\/wp-json\/wp\/v2\/comments?post=237035"}],"wp:featuredmedia":[{"embeddable":true,"href":"https:\/\/moto-oprema.com\/hr\/wp-json\/wp\/v2\/media\/237032"}],"wp:attachment":[{"href":"https:\/\/moto-oprema.com\/hr\/wp-json\/wp\/v2\/media?parent=237035"}],"wp:term":[{"taxonomy":"brand","embeddable":true,"href":"https:\/\/moto-oprema.com\/hr\/wp-json\/wp\/v2\/brand?post=237035"},{"taxonomy":"gender","embeddable":true,"href":"https:\/\/moto-oprema.com\/hr\/wp-json\/wp\/v2\/gender?post=237035"},{"taxonomy":"product_brand","embeddable":true,"href":"https:\/\/moto-oprema.com\/hr\/wp-json\/wp\/v2\/product_brand?post=237035"},{"taxonomy":"product_cat","embeddable":true,"href":"https:\/\/moto-oprema.com\/hr\/wp-json\/wp\/v2\/product_cat?post=237035"},{"taxonomy":"product_tag","embeddable":true,"href":"https:\/\/moto-oprema.com\/hr\/wp-json\/wp\/v2\/product_tag?post=237035"}],"curies":[{"name":"wp","href":"https:\/\/api.w.org\/{rel}","templated":true}]}}

ALPINESTARS AEROSHELL AIRFLOW TEKSTILNE HLAČE CRNE

<p>Ove tehnički napredne tekstilne hlače marke Alpinestars razvijene su za bicikliste koji ne žele kompromitirati udobnost ili sigurnost na svojim putovanjima. Svojom laganom, prozračnom konstrukcijom i sportskim, ergonomskim krojem pružaju pouzdane performanse i na biciklu i izvan njega.<br />
 Opsežne perforacije na bedrima, potkoljenicama, leđima i krilima osiguravaju učinkovitu cirkulaciju zraka koja ugodno regulira tjelesnu temperaturu čak i pri visokim temperaturama. Ovu ventilaciju nadopunjuju prozračni 2D mrežasti umeci koji aktivno doprinose regulaciji temperature &#8211; za osjećaj svježine i suhoće čak i na dugim vožnjama.<br />
 Ultra lagana, elastična softshell tkanina optimalno se prilagođava obliku tijela i omogućuje maksimalnu slobodu kretanja. Unaprijed oblikovani dijelovi koljena smanjuju naprezanje mišića tijekom vožnje i povećavaju udobnost na duljim putovanjima. Podesivi manžetni oko gležnjeva drže hlače sigurno na mjestu, dok elastični pojas s integriranom vezicom osigurava individualno pristajanje.<br />
 Praktični i funkcionalni su i diskretno ugrađeni džepovi s unutarnje i vanjske strane – idealni za male potrepštine bez narušavanja vitkog dizajna.<br />
 Naravno, brine se i o vašoj sigurnosti: hlače su opremljene Bio-Flex CE Level 1 štitnicima za kukove, koji pružaju učinkovitu zaštitu u slučaju sudara bez ograničavanja pokretljivosti.<br />
 Certifikat CE kategorije II prEN17092 &#8211; klase A potvrđuje visoki sigurnosni standard i čini Aeroshell Airflow hlače pouzdanim suputnikom na svim cestama.</p>

<p>Ove tehnički napredne tekstilne hlače marke Alpinestars razvijene su za bicikliste koji ne žele kompromitirati udobnost&#8230;</p>
