{"id":174697,"date":"2025-11-06T10:58:32","date_gmt":"2025-11-06T10:58:32","guid":{"rendered":"https:\/\/moto-oprema.com\/?post_type=product&#038;p=174697"},"modified":"2025-11-06T10:58:33","modified_gmt":"2025-11-06T10:58:33","slug":"dainese-tonale-d-dry-jakna-glacier-gray-blue-black","status":"publish","type":"product","link":"https:\/\/moto-oprema.com\/hr\/Artikel\/dainese-tonale-d-dry-jakna-glacier-gray-blue-black\/","title":{"rendered":"DAINESE TONALE D-DRY JAKNA GLACIER GRAY BLUE BLACK"},"content":{"rendered":"<p>Dainese Tonale D-Dry tekstilna motociklisti\u010dka jakna<\/p>\n<p>Dizajnirano za voza\u010de koji svake godine prije\u0111u tisu\u0107e kilometara u svim vremenskim uvjetima. \u0160titi od nepovoljnih vremenskih uvjeta kako biste mogli ostvariti svoj puni potencijal u udobnosti i sigurnosti. Inovativna D-Dry XT rastezljiva tkanina od 15 000 mm je laminirana i vodootporna, pru\u017eaju\u0107i novu razinu ergonomije u sjedalu i za\u0161titu od ki\u0161e i nepovoljnih vremenskih uvjeta. Termalna podstava, koja se mo\u017ee nositi i zasebno, osigurava izvrsnu udobnost vo\u017enje \u010dak i u najhladnijim danima.   <\/p>\n<p>Zna\u010dajke:<\/p>\n<ul>\n<li>1 d\u017eep za prtljagu na stra\u017enjoj strani<\/li>\n<li>uklonjiva unutarnja 2-u-1 termalna podstava (mo\u017ee se nositi i zasebno)<\/li>\n<li>2 vodootporna vanjska d\u017eepa<\/li>\n<li>Tkanina rastezljiva u 4 smjera<\/li>\n<li>podesivi vrat, struk i zape\u0161\u0107a<\/li>\n<li>uklonjivi kompozitni \u0161titnici (standard EN 1621.1) na ramenima i laktovima<\/li>\n<li>d\u017eep za \u0161titnik za le\u0111a G1 i G2<\/li>\n<li>D-Dry XT Laminated Extend tehnologija<\/li>\n<li>D-Stone\u2122 tkanina na podru\u010djima izlo\u017eenim velikim udarcima<\/li>\n<li>2 patentna zatvara\u010da za ventilaciju na prsima koji se otvaraju direktno na tijelo<\/li>\n<li>ventilacijski patentni zatvara\u010di na le\u0111ima koji se otvaraju direktno na tijelo<\/li>\n<li>laminirana D-Dry XT membrana<\/li>\n<li>vodootpornost 20.000 mm<\/li>\n<li>uklonjiva termalna podloga<\/li>\n<\/ul>\n<p>&nbsp;<\/p>\n","protected":false},"excerpt":{"rendered":"<p>Dainese Tonale D-Dry tekstilna motociklisti\u010dka jakna Dizajnirano za voza\u010de koji svake godine prije\u0111u tisu\u0107e kilometara u&#8230;<\/p>\n","protected":false},"featured_media":174686,"comment_status":"open","ping_status":"closed","template":"","meta":{"_acf_changed":false},"brand":[2800],"gender":[1313],"product_brand":[],"product_cat":[2759,1356,2761],"product_tag":[],"class_list":{"0":"post-174697","1":"product","2":"type-product","3":"status-publish","4":"has-post-thumbnail","6":"brand-dainese-hr","7":"gender-moski","8":"product_cat-jakne-hr","9":"product_cat-motociklisticka-oprema","10":"product_cat-tekstilne-jakne-hr","11":"pa_velikost-st-58-hr","13":"first","14":"instock","15":"sale","16":"taxable","17":"shipping-taxable","18":"purchasable","19":"product-type-variable"},"acf":[],"_links":{"self":[{"href":"https:\/\/moto-oprema.com\/hr\/wp-json\/wp\/v2\/product\/174697","targetHints":{"allow":["GET"]}}],"collection":[{"href":"https:\/\/moto-oprema.com\/hr\/wp-json\/wp\/v2\/product"}],"about":[{"href":"https:\/\/moto-oprema.com\/hr\/wp-json\/wp\/v2\/types\/product"}],"replies":[{"embeddable":true,"href":"https:\/\/moto-oprema.com\/hr\/wp-json\/wp\/v2\/comments?post=174697"}],"wp:featuredmedia":[{"embeddable":true,"href":"https:\/\/moto-oprema.com\/hr\/wp-json\/wp\/v2\/media\/174686"}],"wp:attachment":[{"href":"https:\/\/moto-oprema.com\/hr\/wp-json\/wp\/v2\/media?parent=174697"}],"wp:term":[{"taxonomy":"brand","embeddable":true,"href":"https:\/\/moto-oprema.com\/hr\/wp-json\/wp\/v2\/brand?post=174697"},{"taxonomy":"gender","embeddable":true,"href":"https:\/\/moto-oprema.com\/hr\/wp-json\/wp\/v2\/gender?post=174697"},{"taxonomy":"product_brand","embeddable":true,"href":"https:\/\/moto-oprema.com\/hr\/wp-json\/wp\/v2\/product_brand?post=174697"},{"taxonomy":"product_cat","embeddable":true,"href":"https:\/\/moto-oprema.com\/hr\/wp-json\/wp\/v2\/product_cat?post=174697"},{"taxonomy":"product_tag","embeddable":true,"href":"https:\/\/moto-oprema.com\/hr\/wp-json\/wp\/v2\/product_tag?post=174697"}],"curies":[{"name":"wp","href":"https:\/\/api.w.org\/{rel}","templated":true}]}}

<p>Dainese Tonale D-Dry tekstilna motociklistička jakna</p>
<p>Dizajnirano za vozače koji svake godine prijeđu tisuće kilometara u svim vremenskim uvjetima. Štiti od nepovoljnih vremenskih uvjeta kako biste mogli ostvariti svoj puni potencijal u udobnosti i sigurnosti. Inovativna D-Dry XT rastezljiva tkanina od 15 000 mm je laminirana i vodootporna, pružajući novu razinu ergonomije u sjedalu i zaštitu od kiše i nepovoljnih vremenskih uvjeta. Termalna podstava, koja se može nositi i zasebno, osigurava izvrsnu udobnost vožnje čak i u najhladnijim danima.   </p>
<p>Značajke:</p>
<ul>
<li>1 džep za prtljagu na stražnjoj strani</li>
<li>uklonjiva unutarnja 2-u-1 termalna podstava (može se nositi i zasebno)</li>
<li>2 vodootporna vanjska džepa</li>
<li>Tkanina rastezljiva u 4 smjera</li>
<li>podesivi vrat, struk i zapešća</li>
<li>uklonjivi kompozitni štitnici (standard EN 1621.1) na ramenima i laktovima</li>
<li>džep za štitnik za leđa G1 i G2</li>
<li>D-Dry XT Laminated Extend tehnologija</li>
<li>D-Stone™ tkanina na područjima izloženim velikim udarcima</li>
<li>2 patentna zatvarača za ventilaciju na prsima koji se otvaraju direktno na tijelo</li>
<li>ventilacijski patentni zatvarači na leđima koji se otvaraju direktno na tijelo</li>
<li>laminirana D-Dry XT membrana</li>
<li>vodootpornost 20.000 mm</li>
<li>uklonjiva termalna podloga</li>
</ul>
<p>&nbsp;</p>

<p>Dainese Tonale D-Dry tekstilna motociklistička jakna Dizajnirano za vozače koji svake godine prijeđu tisuće kilometara u&#8230;</p>
