{"id":154126,"date":"2024-01-05T10:10:40","date_gmt":"2024-01-05T10:10:40","guid":{"rendered":"https:\/\/moto-oprema.com\/Artikel\/alpinestars-zaca-wp-jakna-crno-bijela\/"},"modified":"2024-01-05T10:10:40","modified_gmt":"2024-01-05T10:10:40","slug":"alpinestars-zaca-wp-jakna-crno-bijela","status":"publish","type":"product","link":"https:\/\/moto-oprema.com\/hr\/Artikel\/alpinestars-zaca-wp-jakna-crno-bijela\/","title":{"rendered":"ALPINESTARS ZACA WP JAKNA CRNO-BIJELA"},"content":{"rendered":"<p>Alpinestars Zaca vodootporna tekstilna motociklisti\u010dka jakna<\/p>\n<p>Moderno dizajnirana vodoodbojna jakna Zaca sportska je jakna nove generacije prikladna za sve vremenske uvjete. Visoko podesivi ergonomski softshell ulo\u0161ci i odvojiva kapulja\u010da osiguravaju udobnost i svestranost. Zaca nudi upravljanje klimom s fiksnom, vodootpornom dvoslojnom membranom, umetcima za izravnu ventilaciju, odvojivom termalnom podstavom i odvojivom softshell kapulja\u010dom; jakna se mo\u017ee prilagoditi svim vremenskim uvjetima i stoga je svestrana. Izra\u0111ena je od tekstilne konstrukcije s opse\u017enim elasti\u010dnim softshell umetcima koji pru\u017eaju optimalnu kombinaciju pristajanja, udobnosti, male te\u017eine i slobode kretanja. Vodoodbojna jakna Zaca ima inovativnu unutarnju konstrukciju koja je idealna za dodavanje za\u0161titnih umetaka putem nadogradnji s lako dostupnim d\u017eepovima za \u0161titnike za le\u0111a i prsa. Tako\u0111er je opremljena dvostrukim d\u017eepom koji mo\u017ee primiti i obi\u010dni i produ\u017eeni \u0161titnik za le\u0111a za voza\u010de koji \u017eele voziti s ve\u0107om za\u0161titom. Jakna tako\u0111er ima petlje za pri\u010dvr\u0161\u0107ivanje hla\u010da.      <\/p>\n<p>Zna\u010dajke:<\/p>\n<p>Jakna je spremna za Tech-Air\u00ae i mo\u017ee se nadograditi sustavom zra\u010dnih jastuka Tech-Air\u00ae 5 ili Tech-Air\u00ae 3. Kroj je osmi\u0161ljen kako bi se maksimizirala aktivna za\u0161tita gornjeg dijela tijela. Strate\u0161ki postavljeni elasti\u010dni umeci dizajnirani su kako bi se prilagodili sustavu zra\u010dnih jastuka Tech-Air\u00ae i pro\u0161irili kada se zra\u010dni jastuk aktivira.<br \/>\nNucleon Flex Pro \u0161titnici klase A 1 na ramenima i laktovima pru\u017eaju optimalnu za\u0161titu od udaraca i ogrebotina, a istovremeno su izuzetno fleksibilni za optimalnu udobnost.<br \/>\nZaca jakna ima sportski, pripijeni kroj i prethodno oblikovane rukave za optimalno iskustvo vo\u017enje.<br \/>\nGlavna \u0161koljka izra\u0111ena je od mje\u0161avine 450D polivinila i rastezljivog softshella za optimalnu kombinaciju udobnosti, izdr\u017eljivosti i male te\u017eine, s 2L vodootpornom membranom za pouzdane performanse po mokrom vremenu.<br \/>\nUklonjiva termo podstava (100 g na tijelu, 80 g na rukavima) i odvojiva kapulja\u010da omogu\u0107uju prilagodbu jakne klimatskim uvjetima.<br \/>\nVentilacijski umeci s patentnim zatvara\u010dima ispod pazuha osiguravaju optimalnu cirkulaciju zraka.<br \/>\nNucleon Flex Pro za\u0161tita na ramenima i laktovima (Nucleon za\u0161tita za prsa i le\u0111a dostupna je kao dodatna oprema).<br \/>\nDFS Lite ramena s dinami\u010dkom za\u0161titom ramena za pove\u0107anu otpornost na udarce i habanje.<br \/>\nStra\u017enji dio jakne je produ\u017een kako bi se osigurala bolja pokrivenost tijekom vo\u017enje.<br \/>\nRastezljivi 3L softshell umeci u pazusima, unutarnjim dijelovima ruku i lopaticama osiguravaju optimalno pristajanje i performanse.<br \/>\nNiski sportski ovratnik s mekim \u0161avovima za bolju udobnost jaha\u010da.<br \/>\nDva prednja d\u017eepa s patentnim zatvara\u010dem, dva d\u017eepa na prsima, jedan vodootporni unutarnji d\u017eep za dokumente i dva unutarnja d\u017eepa u podstavi za sigurno pohranjivanje dragocjenosti.<br \/>\nPrednji patentni zatvara\u010d je izdr\u017eljiv i jednostavan za kori\u0161tenje.<br \/>\nU skladu s europskim zakonodavstvom, ozna\u010davanje je uvjet uskla\u0111enosti za stavljanje ovog proizvoda u promet. Za ovaj proizvod primjenjuju se sljede\u0107i standardi:<br \/>\n Odje\u0107a za motocikle &#8211; kategorija II prEN17092 &#8211; klasa A<br \/>\n Alpinestars Nucleon Flex Plus \u0161titnici za ramena i laktove, razina 1 EN1621-1:2012 <\/p>\n<p>SASTAV SIROVINE:<br \/>\n Materijal: 94% poliester, 4% poliamid, 2% elastan; podstava: 100% poliester<\/p>\n","protected":false},"excerpt":{"rendered":"","protected":false},"featured_media":25595,"comment_status":"open","ping_status":"open","template":"","meta":{"_acf_changed":false},"brand":[2748],"gender":[],"product_brand":[],"product_cat":[2759,1356,2761],"product_tag":[],"class_list":{"0":"post-154126","1":"product","2":"type-product","3":"status-publish","4":"has-post-thumbnail","6":"brand-alpinestars-hr","7":"product_cat-jakne-hr","8":"product_cat-motociklisticka-oprema","9":"product_cat-tekstilne-jakne-hr","10":"pa_size-l-hr","11":"pa_size-m-hr","12":"pa_size-s-hr","13":"pa_size-xl-hr","14":"pa_size-xxl-hr","15":"pa_size-xxxl-hr","17":"first","18":"instock","19":"sale","20":"taxable","21":"shipping-taxable","22":"purchasable","23":"product-type-variable"},"acf":[],"_links":{"self":[{"href":"https:\/\/moto-oprema.com\/hr\/wp-json\/wp\/v2\/product\/154126","targetHints":{"allow":["GET"]}}],"collection":[{"href":"https:\/\/moto-oprema.com\/hr\/wp-json\/wp\/v2\/product"}],"about":[{"href":"https:\/\/moto-oprema.com\/hr\/wp-json\/wp\/v2\/types\/product"}],"replies":[{"embeddable":true,"href":"https:\/\/moto-oprema.com\/hr\/wp-json\/wp\/v2\/comments?post=154126"}],"wp:featuredmedia":[{"embeddable":true,"href":"https:\/\/moto-oprema.com\/hr\/wp-json\/wp\/v2\/media\/25595"}],"wp:attachment":[{"href":"https:\/\/moto-oprema.com\/hr\/wp-json\/wp\/v2\/media?parent=154126"}],"wp:term":[{"taxonomy":"brand","embeddable":true,"href":"https:\/\/moto-oprema.com\/hr\/wp-json\/wp\/v2\/brand?post=154126"},{"taxonomy":"gender","embeddable":true,"href":"https:\/\/moto-oprema.com\/hr\/wp-json\/wp\/v2\/gender?post=154126"},{"taxonomy":"product_brand","embeddable":true,"href":"https:\/\/moto-oprema.com\/hr\/wp-json\/wp\/v2\/product_brand?post=154126"},{"taxonomy":"product_cat","embeddable":true,"href":"https:\/\/moto-oprema.com\/hr\/wp-json\/wp\/v2\/product_cat?post=154126"},{"taxonomy":"product_tag","embeddable":true,"href":"https:\/\/moto-oprema.com\/hr\/wp-json\/wp\/v2\/product_tag?post=154126"}],"curies":[{"name":"wp","href":"https:\/\/api.w.org\/{rel}","templated":true}]}}

<p>Alpinestars Zaca vodootporna tekstilna motociklistička jakna</p>
<p>Moderno dizajnirana vodoodbojna jakna Zaca sportska je jakna nove generacije prikladna za sve vremenske uvjete. Visoko podesivi ergonomski softshell ulošci i odvojiva kapuljača osiguravaju udobnost i svestranost. Zaca nudi upravljanje klimom s fiksnom, vodootpornom dvoslojnom membranom, umetcima za izravnu ventilaciju, odvojivom termalnom podstavom i odvojivom softshell kapuljačom; jakna se može prilagoditi svim vremenskim uvjetima i stoga je svestrana. Izrađena je od tekstilne konstrukcije s opsežnim elastičnim softshell umetcima koji pružaju optimalnu kombinaciju pristajanja, udobnosti, male težine i slobode kretanja. Vodoodbojna jakna Zaca ima inovativnu unutarnju konstrukciju koja je idealna za dodavanje zaštitnih umetaka putem nadogradnji s lako dostupnim džepovima za štitnike za leđa i prsa. Također je opremljena dvostrukim džepom koji može primiti i obični i produženi štitnik za leđa za vozače koji žele voziti s većom zaštitom. Jakna također ima petlje za pričvršćivanje hlača.      </p>
<p>Značajke:</p>
<p>Jakna je spremna za Tech-Air® i može se nadograditi sustavom zračnih jastuka Tech-Air® 5 ili Tech-Air® 3. Kroj je osmišljen kako bi se maksimizirala aktivna zaštita gornjeg dijela tijela. Strateški postavljeni elastični umeci dizajnirani su kako bi se prilagodili sustavu zračnih jastuka Tech-Air® i proširili kada se zračni jastuk aktivira.<br />
Nucleon Flex Pro štitnici klase A 1 na ramenima i laktovima pružaju optimalnu zaštitu od udaraca i ogrebotina, a istovremeno su izuzetno fleksibilni za optimalnu udobnost.<br />
Zaca jakna ima sportski, pripijeni kroj i prethodno oblikovane rukave za optimalno iskustvo vožnje.<br />
Glavna školjka izrađena je od mješavine 450D polivinila i rastezljivog softshella za optimalnu kombinaciju udobnosti, izdržljivosti i male težine, s 2L vodootpornom membranom za pouzdane performanse po mokrom vremenu.<br />
Uklonjiva termo podstava (100 g na tijelu, 80 g na rukavima) i odvojiva kapuljača omogućuju prilagodbu jakne klimatskim uvjetima.<br />
Ventilacijski umeci s patentnim zatvaračima ispod pazuha osiguravaju optimalnu cirkulaciju zraka.<br />
Nucleon Flex Pro zaštita na ramenima i laktovima (Nucleon zaštita za prsa i leđa dostupna je kao dodatna oprema).<br />
DFS Lite ramena s dinamičkom zaštitom ramena za povećanu otpornost na udarce i habanje.<br />
Stražnji dio jakne je produžen kako bi se osigurala bolja pokrivenost tijekom vožnje.<br />
Rastezljivi 3L softshell umeci u pazusima, unutarnjim dijelovima ruku i lopaticama osiguravaju optimalno pristajanje i performanse.<br />
Niski sportski ovratnik s mekim šavovima za bolju udobnost jahača.<br />
Dva prednja džepa s patentnim zatvaračem, dva džepa na prsima, jedan vodootporni unutarnji džep za dokumente i dva unutarnja džepa u podstavi za sigurno pohranjivanje dragocjenosti.<br />
Prednji patentni zatvarač je izdržljiv i jednostavan za korištenje.<br />
U skladu s europskim zakonodavstvom, označavanje je uvjet usklađenosti za stavljanje ovog proizvoda u promet. Za ovaj proizvod primjenjuju se sljedeći standardi:<br />
 Odjeća za motocikle &#8211; kategorija II prEN17092 &#8211; klasa A<br />
 Alpinestars Nucleon Flex Plus štitnici za ramena i laktove, razina 1 EN1621-1:2012 </p>
<p>SASTAV SIROVINE:<br />
 Materijal: 94% poliester, 4% poliamid, 2% elastan; podstava: 100% poliester</p>
