{"id":147737,"date":"2022-02-16T10:57:55","date_gmt":"2022-02-16T10:57:55","guid":{"rendered":"https:\/\/moto-oprema.com\/Artikel\/dainese-sevilla-air-zenska-tex-jakna-crna-glacier\/"},"modified":"2022-02-16T10:57:55","modified_gmt":"2022-02-16T10:57:55","slug":"dainese-sevilla-air-zenska-tex-jakna-crna-glacier","status":"publish","type":"product","link":"https:\/\/moto-oprema.com\/hr\/Artikel\/dainese-sevilla-air-zenska-tex-jakna-crna-glacier\/","title":{"rendered":"DAINESE SEVILLA AIR \u017dENSKA TEX JAKNA CRNA GLACIER"},"content":{"rendered":"<p>Sevilla Air Tex je \u017eenska tekstilna jakna koja mo\u017ee podnijeti visoke temperature bez \u017ertvovanja udobnosti i sigurnosti. Lagana i svestrana, izra\u0111ena je od perforirane mre\u017easte tkanine koja osigurava izravan protok zraka prema tijelu i idealna je u toplijim klimama. Jakna podr\u017eava Dainese sigurnosne standarde sa svojim uklonjivim mekim \u0161titnicima za ramena i laktove s Pro Shape 2.0 certifikatom. Pro-Shape 2.0 umeci podr\u017eavaju najvi\u0161e Dainese sigurnosne standarde i ujedno su neupadljivi, za maksimalnu slobodu kretanja u svakom trenutku. Na stra\u017enjoj strani nalazi se d\u017eep dizajniran za smje\u0161taj \u0161titnika za le\u0111a modela G, dok pa\u017eljivo postavljeni reflektiraju\u0107i umeci osiguravaju optimalnu vidljivost na cesti. Pode\u0161avanja na vratu, bokovima i man\u017eetama omogu\u0107uju savr\u0161eno pristajanje.     <\/p>\n<p>ERGONOMIJA<\/p>\n<ul>\n<li>  Pode\u0161avanje vrata<\/li>\n<li>  Pode\u0161avanje struka<\/li>\n<li>  Pode\u0161avanje ru\u010dnog zgloba<\/li>\n<\/ul>\n<p>ZNA\u010cAJKE<\/p>\n<ul>\n<li>  2 vanjska d\u017eepa<\/li>\n<li>  Reflektiraju\u0107i umetci<\/li>\n<li>  D\u017eep za stra\u017enji za\u0161titnik G1 i G2<\/li>\n<li>  Za\u0161titna jakna za motocikle s certifikatom prEN 17092<\/li>\n<\/ul>\n<p>GLAVNI MATERIJALI<\/p>\n<ul>\n<li>  Umetci od mre\u017easte tkanine<\/li>\n<li>  Tkanina koja se brzo su\u0161i<\/li>\n<\/ul>\n<p>ZA\u0160TITA<\/p>\n<ul>\n<li>  Pro-Shape 2.0: mekana za\u0161tita, certificirana prema EN1621.1<\/li>\n<\/ul>\n<p>Sastav sirovine: 100% poliester<\/p>\n","protected":false},"excerpt":{"rendered":"<p>\u017denska prozra\u010dna motociklisti\u010dka jakna, idealna za ljetnu sezonu. Opremljena mekim \u0161titnicima za ramena i laktove s&#8230;<\/p>\n","protected":false},"featured_media":16782,"comment_status":"open","ping_status":"open","template":"","meta":{"_acf_changed":false},"brand":[2800],"gender":[1314],"product_brand":[],"product_cat":[2759,1356,2761],"product_tag":[],"class_list":{"0":"post-147737","1":"product","2":"type-product","3":"status-publish","4":"has-post-thumbnail","6":"brand-dainese-hr","7":"gender-zenska","8":"product_cat-jakne-hr","9":"product_cat-motociklisticka-oprema","10":"product_cat-tekstilne-jakne-hr","11":"pa_size-40-hr","12":"pa_size-42-hr","13":"pa_size-44-hr","14":"pa_size-46-hr","15":"pa_size-48-hr","16":"pa_size-50-hr","18":"first","19":"onbackorder","20":"taxable","21":"shipping-taxable","22":"purchasable","23":"product-type-variable"},"acf":[],"_links":{"self":[{"href":"https:\/\/moto-oprema.com\/hr\/wp-json\/wp\/v2\/product\/147737","targetHints":{"allow":["GET"]}}],"collection":[{"href":"https:\/\/moto-oprema.com\/hr\/wp-json\/wp\/v2\/product"}],"about":[{"href":"https:\/\/moto-oprema.com\/hr\/wp-json\/wp\/v2\/types\/product"}],"replies":[{"embeddable":true,"href":"https:\/\/moto-oprema.com\/hr\/wp-json\/wp\/v2\/comments?post=147737"}],"wp:featuredmedia":[{"embeddable":true,"href":"https:\/\/moto-oprema.com\/hr\/wp-json\/wp\/v2\/media\/16782"}],"wp:attachment":[{"href":"https:\/\/moto-oprema.com\/hr\/wp-json\/wp\/v2\/media?parent=147737"}],"wp:term":[{"taxonomy":"brand","embeddable":true,"href":"https:\/\/moto-oprema.com\/hr\/wp-json\/wp\/v2\/brand?post=147737"},{"taxonomy":"gender","embeddable":true,"href":"https:\/\/moto-oprema.com\/hr\/wp-json\/wp\/v2\/gender?post=147737"},{"taxonomy":"product_brand","embeddable":true,"href":"https:\/\/moto-oprema.com\/hr\/wp-json\/wp\/v2\/product_brand?post=147737"},{"taxonomy":"product_cat","embeddable":true,"href":"https:\/\/moto-oprema.com\/hr\/wp-json\/wp\/v2\/product_cat?post=147737"},{"taxonomy":"product_tag","embeddable":true,"href":"https:\/\/moto-oprema.com\/hr\/wp-json\/wp\/v2\/product_tag?post=147737"}],"curies":[{"name":"wp","href":"https:\/\/api.w.org\/{rel}","templated":true}]}}

DAINESE SEVILLA AIR ŽENSKA TEX JAKNA CRNA GLACIER

<p>Sevilla Air Tex je ženska tekstilna jakna koja može podnijeti visoke temperature bez žrtvovanja udobnosti i sigurnosti. Lagana i svestrana, izrađena je od perforirane mrežaste tkanine koja osigurava izravan protok zraka prema tijelu i idealna je u toplijim klimama. Jakna podržava Dainese sigurnosne standarde sa svojim uklonjivim mekim štitnicima za ramena i laktove s Pro Shape 2.0 certifikatom. Pro-Shape 2.0 umeci podržavaju najviše Dainese sigurnosne standarde i ujedno su neupadljivi, za maksimalnu slobodu kretanja u svakom trenutku. Na stražnjoj strani nalazi se džep dizajniran za smještaj štitnika za leđa modela G, dok pažljivo postavljeni reflektirajući umeci osiguravaju optimalnu vidljivost na cesti. Podešavanja na vratu, bokovima i manžetama omogućuju savršeno pristajanje.     </p>
<p>ERGONOMIJA</p>
<ul>
<li>  Podešavanje vrata</li>
<li>  Podešavanje struka</li>
<li>  Podešavanje ručnog zgloba</li>
</ul>
<p>ZNAČAJKE</p>
<ul>
<li>  2 vanjska džepa</li>
<li>  Reflektirajući umetci</li>
<li>  Džep za stražnji zaštitnik G1 i G2</li>
<li>  Zaštitna jakna za motocikle s certifikatom prEN 17092</li>
</ul>
<p>GLAVNI MATERIJALI</p>
<ul>
<li>  Umetci od mrežaste tkanine</li>
<li>  Tkanina koja se brzo suši</li>
</ul>
<p>ZAŠTITA</p>
<ul>
<li>  Pro-Shape 2.0: mekana zaštita, certificirana prema EN1621.1</li>
</ul>
<p>Sastav sirovine: 100% poliester</p>

<p>Ženska prozračna motociklistička jakna, idealna za ljetnu sezonu. Opremljena mekim štitnicima za ramena i laktove s&#8230;</p>
