{"id":139783,"date":"2023-12-08T11:28:10","date_gmt":"2023-12-08T11:28:10","guid":{"rendered":"https:\/\/moto-oprema.com\/Artikel\/dainese-air-frame-3-tex-jakna-crna\/"},"modified":"2023-12-08T11:28:10","modified_gmt":"2023-12-08T11:28:10","slug":"dainese-air-frame-3-tex-jakna-crna","status":"publish","type":"product","link":"https:\/\/moto-oprema.com\/hr\/Artikel\/dainese-air-frame-3-tex-jakna-crna\/","title":{"rendered":"DAINESE AIR FRAME 3 TEX JAKNA CRNA"},"content":{"rendered":"<p>Dainese Air Frame 3 motociklisti\u010dka tekstilna jakna<\/p>\n<p>Ljetna motociklisti\u010dka jakna izra\u0111ena od mre\u017eastog materijala s uklonjivom podstavom protiv vjetra za maksimalnu toplinsku udobnost i svestranost. Integrirani \u0161titnici i d\u017eepovi za Pro-Armor \u0161titnike za prsa i G \u0161titnike za le\u0111a \u010dine ovu jaknu ergonomskim, funkcionalnim i za\u0161titnim odjevnim predmetom. <\/p>\n<p>Zna\u010dajke:<\/p>\n<ul>\n<li>Elasti\u010dni i mekani umeci na zape\u0161\u0107ima<\/li>\n<li>Sustav za pri\u010dvr\u0161\u0107ivanje jakne i hla\u010da<\/li>\n<li>Mogu\u0107nosti pode\u0161avanja na vratu, struku i zape\u0161\u0107ima<\/li>\n<li>Mre\u017easta tkanina i umeci od QuickDry tkanine<\/li>\n<li>Prozra\u010dna mre\u017easta podstava<\/li>\n<li>Uklonjiva unutarnja podstava otporna na vjetar<\/li>\n<li>1 vodootporni unutarnji d\u017eep i 2 vanjska d\u017eepa<\/li>\n<\/ul>\n<p>Tehni\u010dki podaci:<\/p>\n<ul>\n<li>Za\u0161titna odje\u0107a za motocikliste (EN 17092-3:2020), klasa A<\/li>\n<li>Spreman za Pro-Armor \u0161titnik za prsa (nije uklju\u010den)<\/li>\n<li>spremno za \u0161titnike za le\u0111a G1 i G2 (nije uklju\u010deno)<\/li>\n<li>Uklonjivi kompozitni \u0161titnici za laktove razine 1 (uklju\u010deni u opseg isporuke) <\/li>\n<li>Uklonjivi kompozitni \u0161titnici za ramena razine 1 (uklju\u010deni u opremu) <\/li>\n<\/ul>\n<p>SASTAV SIROVINE:<br \/>\n Materijal: 100% poliester; ulo\u0161ci za gornju odje\u0107u: 100% poliamid; fiksna podstava: 100% poliester; ulo\u0161ci na fiksnoj podstavi: 100% poliamid; uklonjiva podstava: 100% poliamid<\/p>\n","protected":false},"excerpt":{"rendered":"<p>Dainese Air Frame 3 motociklisti\u010dka tekstilna jakna Ljetna motociklisti\u010dka jakna izra\u0111ena od mre\u017eastog materijala s uklonjivom&#8230;<\/p>\n","protected":false},"featured_media":24612,"comment_status":"open","ping_status":"open","template":"","meta":{"_acf_changed":false},"brand":[2800],"gender":[],"product_brand":[],"product_cat":[2759,1356,2761],"product_tag":[],"class_list":{"0":"post-139783","1":"product","2":"type-product","3":"status-publish","4":"has-post-thumbnail","6":"brand-dainese-hr","7":"product_cat-jakne-hr","8":"product_cat-motociklisticka-oprema","9":"product_cat-tekstilne-jakne-hr","10":"pa_size-46-hr","11":"pa_size-48-hr","12":"pa_size-50-hr","13":"pa_size-52-hr","14":"pa_size-54-hr","15":"pa_size-56-hr","16":"pa_size-58-hr","17":"pa_size-60-hr","18":"pa_size-62-hr","20":"first","21":"instock","22":"taxable","23":"shipping-taxable","24":"purchasable","25":"product-type-variable"},"acf":[],"_links":{"self":[{"href":"https:\/\/moto-oprema.com\/hr\/wp-json\/wp\/v2\/product\/139783","targetHints":{"allow":["GET"]}}],"collection":[{"href":"https:\/\/moto-oprema.com\/hr\/wp-json\/wp\/v2\/product"}],"about":[{"href":"https:\/\/moto-oprema.com\/hr\/wp-json\/wp\/v2\/types\/product"}],"replies":[{"embeddable":true,"href":"https:\/\/moto-oprema.com\/hr\/wp-json\/wp\/v2\/comments?post=139783"}],"wp:featuredmedia":[{"embeddable":true,"href":"https:\/\/moto-oprema.com\/hr\/wp-json\/wp\/v2\/media\/24612"}],"wp:attachment":[{"href":"https:\/\/moto-oprema.com\/hr\/wp-json\/wp\/v2\/media?parent=139783"}],"wp:term":[{"taxonomy":"brand","embeddable":true,"href":"https:\/\/moto-oprema.com\/hr\/wp-json\/wp\/v2\/brand?post=139783"},{"taxonomy":"gender","embeddable":true,"href":"https:\/\/moto-oprema.com\/hr\/wp-json\/wp\/v2\/gender?post=139783"},{"taxonomy":"product_brand","embeddable":true,"href":"https:\/\/moto-oprema.com\/hr\/wp-json\/wp\/v2\/product_brand?post=139783"},{"taxonomy":"product_cat","embeddable":true,"href":"https:\/\/moto-oprema.com\/hr\/wp-json\/wp\/v2\/product_cat?post=139783"},{"taxonomy":"product_tag","embeddable":true,"href":"https:\/\/moto-oprema.com\/hr\/wp-json\/wp\/v2\/product_tag?post=139783"}],"curies":[{"name":"wp","href":"https:\/\/api.w.org\/{rel}","templated":true}]}}

<p>Dainese Air Frame 3 motociklistička tekstilna jakna</p>
<p>Ljetna motociklistička jakna izrađena od mrežastog materijala s uklonjivom podstavom protiv vjetra za maksimalnu toplinsku udobnost i svestranost. Integrirani štitnici i džepovi za Pro-Armor štitnike za prsa i G štitnike za leđa čine ovu jaknu ergonomskim, funkcionalnim i zaštitnim odjevnim predmetom. </p>
<p>Značajke:</p>
<ul>
<li>Elastični i mekani umeci na zapešćima</li>
<li>Sustav za pričvršćivanje jakne i hlača</li>
<li>Mogućnosti podešavanja na vratu, struku i zapešćima</li>
<li>Mrežasta tkanina i umeci od QuickDry tkanine</li>
<li>Prozračna mrežasta podstava</li>
<li>Uklonjiva unutarnja podstava otporna na vjetar</li>
<li>1 vodootporni unutarnji džep i 2 vanjska džepa</li>
</ul>
<p>Tehnički podaci:</p>
<ul>
<li>Zaštitna odjeća za motocikliste (EN 17092-3:2020), klasa A</li>
<li>Spreman za Pro-Armor štitnik za prsa (nije uključen)</li>
<li>spremno za štitnike za leđa G1 i G2 (nije uključeno)</li>
<li>Uklonjivi kompozitni štitnici za laktove razine 1 (uključeni u opseg isporuke) </li>
<li>Uklonjivi kompozitni štitnici za ramena razine 1 (uključeni u opremu) </li>
</ul>
<p>SASTAV SIROVINE:<br />
 Materijal: 100% poliester; ulošci za gornju odjeću: 100% poliamid; fiksna podstava: 100% poliester; ulošci na fiksnoj podstavi: 100% poliamid; uklonjiva podstava: 100% poliamid</p>

<p>Dainese Air Frame 3 motociklistička tekstilna jakna Ljetna motociklistička jakna izrađena od mrežastog materijala s uklonjivom&#8230;</p>
