{"id":136775,"date":"2019-01-28T06:37:52","date_gmt":"2019-01-28T06:37:52","guid":{"rendered":"https:\/\/moto-oprema.com\/Artikel\/dainese-e1-zastitne-kratke-hlace\/"},"modified":"2019-01-28T06:37:52","modified_gmt":"2019-01-28T06:37:52","slug":"dainese-e1-zastitne-kratke-hlace","status":"publish","type":"product","link":"https:\/\/moto-oprema.com\/hr\/Artikel\/dainese-e1-zastitne-kratke-hlace\/","title":{"rendered":"DAINESE E1 za\u0161titne kratke hla\u010de"},"content":{"rendered":"<p>Dizajnirane za no\u0161enje ispod uobi\u010dajene odje\u0107e, poput traperica ili off-road hla\u010da, Dainese E1 tvrde kratke hla\u010de pru\u017eaju za\u0161titu od udaraca. Mre\u017easta tkanina omogu\u0107uje dobru ventilaciju, dok \u0161titnici pru\u017eaju za\u0161titu za bokove, bedra i trticu.  <\/p>\n<p>Za\u0161tita:<\/p>\n<p>&#8211; Pro-Shape mekani \u0161titnici za le\u0111a s CE certifikatom &#8211; Kat. II &#8211; SL 1621.1<br \/>\n &#8211; Perforirane polipropilenske plo\u010de zajedno s Crash Absorb sustavom na bedrima<br \/>\n &#8211; Sendvi\u010d panel od polipropilena i polietilena na repnoj kosti<br \/>\n &#8211; Mekani umeci sa strane i straga <\/p>\n<p>Ergonomija i udobnost:<\/p>\n<p>&#8211; Prozra\u010dne elasti\u010dne mre\u017easte hla\u010de<br \/>\n &#8211; Elasti\u010dni silikonski gumeni umeci na bedrima<br \/>\n &#8211; Perforirane plo\u010dice<\/p>\n","protected":false},"excerpt":{"rendered":"<p>Dizajnirane za no\u0161enje ispod uobi\u010dajene odje\u0107e, poput traperica ili off-road hla\u010da, Dainese E1 tvrde kratke hla\u010de&#8230;<\/p>\n","protected":false},"featured_media":194155,"comment_status":"open","ping_status":"closed","template":"","meta":{"_acf_changed":false},"brand":[2800],"gender":[],"product_brand":[],"product_cat":[2832,1356],"product_tag":[],"class_list":{"0":"post-136775","1":"product","2":"type-product","3":"status-publish","4":"has-post-thumbnail","6":"brand-dainese-hr","7":"product_cat-hlace-hr","8":"product_cat-motociklisticka-oprema","9":"pa_size-l-hr","10":"pa_size-m-hr","11":"pa_size-s-hr","12":"pa_size-xl-hr","13":"pa_size-xs-hr","15":"first","16":"onbackorder","17":"sale","18":"taxable","19":"shipping-taxable","20":"purchasable","21":"product-type-variable"},"acf":[],"_links":{"self":[{"href":"https:\/\/moto-oprema.com\/hr\/wp-json\/wp\/v2\/product\/136775","targetHints":{"allow":["GET"]}}],"collection":[{"href":"https:\/\/moto-oprema.com\/hr\/wp-json\/wp\/v2\/product"}],"about":[{"href":"https:\/\/moto-oprema.com\/hr\/wp-json\/wp\/v2\/types\/product"}],"replies":[{"embeddable":true,"href":"https:\/\/moto-oprema.com\/hr\/wp-json\/wp\/v2\/comments?post=136775"}],"wp:featuredmedia":[{"embeddable":true,"href":"https:\/\/moto-oprema.com\/hr\/wp-json\/wp\/v2\/media\/194155"}],"wp:attachment":[{"href":"https:\/\/moto-oprema.com\/hr\/wp-json\/wp\/v2\/media?parent=136775"}],"wp:term":[{"taxonomy":"brand","embeddable":true,"href":"https:\/\/moto-oprema.com\/hr\/wp-json\/wp\/v2\/brand?post=136775"},{"taxonomy":"gender","embeddable":true,"href":"https:\/\/moto-oprema.com\/hr\/wp-json\/wp\/v2\/gender?post=136775"},{"taxonomy":"product_brand","embeddable":true,"href":"https:\/\/moto-oprema.com\/hr\/wp-json\/wp\/v2\/product_brand?post=136775"},{"taxonomy":"product_cat","embeddable":true,"href":"https:\/\/moto-oprema.com\/hr\/wp-json\/wp\/v2\/product_cat?post=136775"},{"taxonomy":"product_tag","embeddable":true,"href":"https:\/\/moto-oprema.com\/hr\/wp-json\/wp\/v2\/product_tag?post=136775"}],"curies":[{"name":"wp","href":"https:\/\/api.w.org\/{rel}","templated":true}]}}

DAINESE E1 zaštitne kratke hlače

<p>Dizajnirane za nošenje ispod uobičajene odjeće, poput traperica ili off-road hlača, Dainese E1 tvrde kratke hlače pružaju zaštitu od udaraca. Mrežasta tkanina omogućuje dobru ventilaciju, dok štitnici pružaju zaštitu za bokove, bedra i trticu.  </p>
<p>Zaštita:</p>
<p>&#8211; Pro-Shape mekani štitnici za leđa s CE certifikatom &#8211; Kat. II &#8211; SL 1621.1<br />
 &#8211; Perforirane polipropilenske ploče zajedno s Crash Absorb sustavom na bedrima<br />
 &#8211; Sendvič panel od polipropilena i polietilena na repnoj kosti<br />
 &#8211; Mekani umeci sa strane i straga </p>
<p>Ergonomija i udobnost:</p>
<p>&#8211; Prozračne elastične mrežaste hlače<br />
 &#8211; Elastični silikonski gumeni umeci na bedrima<br />
 &#8211; Perforirane pločice</p>

<p>Dizajnirane za nošenje ispod uobičajene odjeće, poput traperica ili off-road hlača, Dainese E1 tvrde kratke hlače&#8230;</p>
