{"id":130286,"date":"2025-03-27T08:32:53","date_gmt":"2025-03-27T08:32:53","guid":{"rendered":"https:\/\/moto-oprema.com\/Artikel\/alpinestars-zaca-air-jakna-crna-bijela-crvena-fluo\/"},"modified":"2025-03-27T08:32:53","modified_gmt":"2025-03-27T08:32:53","slug":"alpinestars-zaca-air-jakna-crna-bijela-crvena-fluo","status":"publish","type":"product","link":"https:\/\/moto-oprema.com\/hr\/Artikel\/alpinestars-zaca-air-jakna-crna-bijela-crvena-fluo\/","title":{"rendered":"ALPINESTARS ZACA AIR JAKNA CRNA BIJELA CRVENA FLUO"},"content":{"rendered":"<p>Alpinestars Zaca Air je idealna tekstilna jakna za cestovne i sportske voza\u010de koji tra\u017ee elegantnu jaknu za toplu klimu s prilagodljivo\u0161\u0107u temperaturi koja mo\u017ee funkcionirati i u hladnijim i\/ili vla\u017enim vremenskim uvjetima. Kombinira jedinstvenu kombinaciju 3D mre\u017ee s mehani\u010dkim rastezanjem, 450D polipropilenskim oja\u010danjem i rastezljivim softshell umetcima. 3D mre\u017ea pru\u017ea vrhunsku prozra\u010dnost preko cijelih prsa, le\u0111a i unutarnje strane ruku. 3D mre\u017ea je kombinirana s 450D poliamidom na vanjskim rukama, ramenima i bokovima za otpornost na habanje s CE oznakom. Rastezljivi softshell umetci, integrirani na prsima i prsima, na lopaticama i oko ovratnika, pru\u017eaju savr\u0161eno pristajanje za Tech-Air\u00ae 5 sustav zra\u010dnih jastuka i izvrsnu razinu raspona pokreta i slobode kretanja. Za dodatnu za\u0161titu, Zaca Air jakna ima DFS Lite vanjske kliza\u010de za ramena i Nucleon Flex Plus CE Level 1 \u0161titnike na ramenima, laktovima i podlakticama. Unutra, jakna ima uklonjivu vodootpornu podstavu od 2L koja se mo\u017ee koristiti kao dodatna vjetrovka po hladnijem vremenu, posebno prakti\u010dnu za voza\u010de uhva\u0107ene u ki\u0161i. Odvojiva kapulja\u010da ima otvor za zrak na vrhu koji omogu\u0107uje protok zraka i sprje\u010dava punjenje i napuhavanje tijekom vo\u017enje. Zaca Air je svestrana, dobro prozra\u010dena i za\u0161titna jakna za sportske voza\u010de uli\u010dne vo\u017enje kojima je potrebna optimalna udobnost u toplijim danima te potpuna pokretljivost tijela i sloboda kretanja.        <\/p>\n<p>svojstva<\/p>\n<ul>\n<li>Spremno za Tech-Air\u00ae tehnologiju.<\/li>\n<li>Umetci od softshella u klju\u010dnim podru\u010djima.<\/li>\n<li>Uklonjiva kapulja\u010da, dizajnirana s kanalom za ventilaciju koji je osmi\u0161ljen za ventilaciju zraka i sprje\u010davanje napuhavanja kapulja\u010de tijekom vo\u017enje.<\/li>\n<li>Uklonjiva vodootporna podloga od 2 l.<\/li>\n<li>Vodootporni d\u017eep.<\/li>\n<li>Priklju\u010dci za pode\u0161avanje remena.<\/li>\n<li>DFS lite vanjski \u0161titnici za ramena.<\/li>\n<li>Nucleon Flex Plus za\u0161titnik razine 1. <\/li>\n<\/ul>\n<p>Sastav sirovine: 100% poliester<\/p>\n","protected":false},"excerpt":{"rendered":"","protected":false},"featured_media":130287,"comment_status":"open","ping_status":"closed","template":"","meta":{"_acf_changed":false},"brand":[2748],"gender":[1313],"product_brand":[],"product_cat":[2759,1356,2761],"product_tag":[],"class_list":{"0":"post-130286","1":"product","2":"type-product","3":"status-publish","4":"has-post-thumbnail","6":"brand-alpinestars-hr","7":"gender-moski","8":"product_cat-jakne-hr","9":"product_cat-motociklisticka-oprema","10":"product_cat-tekstilne-jakne-hr","11":"pa_size-2xl-hr","12":"pa_size-3xl-hr","13":"pa_size-l-hr","14":"pa_size-m-hr","15":"pa_size-s-hr","16":"pa_size-xl-hr","18":"first","19":"instock","20":"sale","21":"taxable","22":"shipping-taxable","23":"purchasable","24":"product-type-variable"},"acf":[],"_links":{"self":[{"href":"https:\/\/moto-oprema.com\/hr\/wp-json\/wp\/v2\/product\/130286","targetHints":{"allow":["GET"]}}],"collection":[{"href":"https:\/\/moto-oprema.com\/hr\/wp-json\/wp\/v2\/product"}],"about":[{"href":"https:\/\/moto-oprema.com\/hr\/wp-json\/wp\/v2\/types\/product"}],"replies":[{"embeddable":true,"href":"https:\/\/moto-oprema.com\/hr\/wp-json\/wp\/v2\/comments?post=130286"}],"wp:featuredmedia":[{"embeddable":true,"href":"https:\/\/moto-oprema.com\/hr\/wp-json\/wp\/v2\/media\/130287"}],"wp:attachment":[{"href":"https:\/\/moto-oprema.com\/hr\/wp-json\/wp\/v2\/media?parent=130286"}],"wp:term":[{"taxonomy":"brand","embeddable":true,"href":"https:\/\/moto-oprema.com\/hr\/wp-json\/wp\/v2\/brand?post=130286"},{"taxonomy":"gender","embeddable":true,"href":"https:\/\/moto-oprema.com\/hr\/wp-json\/wp\/v2\/gender?post=130286"},{"taxonomy":"product_brand","embeddable":true,"href":"https:\/\/moto-oprema.com\/hr\/wp-json\/wp\/v2\/product_brand?post=130286"},{"taxonomy":"product_cat","embeddable":true,"href":"https:\/\/moto-oprema.com\/hr\/wp-json\/wp\/v2\/product_cat?post=130286"},{"taxonomy":"product_tag","embeddable":true,"href":"https:\/\/moto-oprema.com\/hr\/wp-json\/wp\/v2\/product_tag?post=130286"}],"curies":[{"name":"wp","href":"https:\/\/api.w.org\/{rel}","templated":true}]}}

<p>Alpinestars Zaca Air je idealna tekstilna jakna za cestovne i sportske vozače koji traže elegantnu jaknu za toplu klimu s prilagodljivošću temperaturi koja može funkcionirati i u hladnijim i/ili vlažnim vremenskim uvjetima. Kombinira jedinstvenu kombinaciju 3D mreže s mehaničkim rastezanjem, 450D polipropilenskim ojačanjem i rastezljivim softshell umetcima. 3D mreža pruža vrhunsku prozračnost preko cijelih prsa, leđa i unutarnje strane ruku. 3D mreža je kombinirana s 450D poliamidom na vanjskim rukama, ramenima i bokovima za otpornost na habanje s CE oznakom. Rastezljivi softshell umetci, integrirani na prsima i prsima, na lopaticama i oko ovratnika, pružaju savršeno pristajanje za Tech-Air® 5 sustav zračnih jastuka i izvrsnu razinu raspona pokreta i slobode kretanja. Za dodatnu zaštitu, Zaca Air jakna ima DFS Lite vanjske klizače za ramena i Nucleon Flex Plus CE Level 1 štitnike na ramenima, laktovima i podlakticama. Unutra, jakna ima uklonjivu vodootpornu podstavu od 2L koja se može koristiti kao dodatna vjetrovka po hladnijem vremenu, posebno praktičnu za vozače uhvaćene u kiši. Odvojiva kapuljača ima otvor za zrak na vrhu koji omogućuje protok zraka i sprječava punjenje i napuhavanje tijekom vožnje. Zaca Air je svestrana, dobro prozračena i zaštitna jakna za sportske vozače ulične vožnje kojima je potrebna optimalna udobnost u toplijim danima te potpuna pokretljivost tijela i sloboda kretanja.        </p>
<p>svojstva</p>
<ul>
<li>Spremno za Tech-Air® tehnologiju.</li>
<li>Umetci od softshella u ključnim područjima.</li>
<li>Uklonjiva kapuljača, dizajnirana s kanalom za ventilaciju koji je osmišljen za ventilaciju zraka i sprječavanje napuhavanja kapuljače tijekom vožnje.</li>
<li>Uklonjiva vodootporna podloga od 2 l.</li>
<li>Vodootporni džep.</li>
<li>Priključci za podešavanje remena.</li>
<li>DFS lite vanjski štitnici za ramena.</li>
<li>Nucleon Flex Plus zaštitnik razine 1. </li>
</ul>
<p>Sastav sirovine: 100% poliester</p>
