{"id":129036,"date":"2025-05-06T10:58:54","date_gmt":"2025-05-06T10:58:54","guid":{"rendered":"https:\/\/moto-oprema.com\/Artikel\/dainese-herosphere-air-zenska-jakna-crno-bijela-breskvasta\/"},"modified":"2025-05-06T10:58:54","modified_gmt":"2025-05-06T10:58:54","slug":"dainese-herosphere-air-zenska-jakna-crno-bijela-breskvasta","status":"publish","type":"product","link":"https:\/\/moto-oprema.com\/hr\/Artikel\/dainese-herosphere-air-zenska-jakna-crno-bijela-breskvasta\/","title":{"rendered":"DAINESE HEROSPHERE AIR \u017dENSKA JAKNA CRNO-BIJELA BRESKVASTA"},"content":{"rendered":"<p>\u017denska jakna Herosphere Tex savr\u0161ena je mje\u0161avina za\u0161tite i maksimalne lako\u0107e, to je prozra\u010dna motociklisti\u010dka jakna, idealna za putovanja motociklom po toplom vremenu.<\/p>\n<p> Ova jakna, koja se mo\u017ee pohvaliti certifikatom EN 17092 klase A, ima tehni\u010dki, ali sportski dizajn, s mekim i prozra\u010denim Pro-Armor \u0161titnicima na ramenima i laktovima te d\u017eepovima dizajniranim za smje\u0161taj \u0161titnika za prsa i le\u0111a.<\/p>\n<p> Za optimalnu udobnost i ergonomiju tijekom vo\u017enje, odjevni predmet ima sustave za pode\u0161avanje na zape\u0161\u0107ima i bokovima, kao i petlju za spajanje jakne s hla\u010dama kako bi se izbjegao neugodan propuh na le\u0111ima tijekom vo\u017enje.<\/p>\n<p> Sastav sirovine: 100% poliester<\/p>\n","protected":false},"excerpt":{"rendered":"<p>\u017denska jakna Herosphere Tex savr\u0161ena je mje\u0161avina za\u0161tite i maksimalne lako\u0107e, to je prozra\u010dna motociklisti\u010dka jakna,&#8230;<\/p>\n","protected":false},"featured_media":85707,"comment_status":"open","ping_status":"closed","template":"","meta":{"_acf_changed":false},"brand":[2800],"gender":[1314],"product_brand":[],"product_cat":[2759,1356,2761],"product_tag":[],"class_list":{"0":"post-129036","1":"product","2":"type-product","3":"status-publish","4":"has-post-thumbnail","6":"brand-dainese-hr","7":"gender-zenska","8":"product_cat-jakne-hr","9":"product_cat-motociklisticka-oprema","10":"product_cat-tekstilne-jakne-hr","11":"pa_size-38-hr","12":"pa_size-40-hr","13":"pa_size-42-hr","14":"pa_size-44-hr","15":"pa_size-46-hr","16":"pa_size-48-hr","17":"pa_size-50-hr","18":"pa_size-52-hr","19":"pa_size-54-hr","21":"first","22":"instock","23":"sale","24":"taxable","25":"shipping-taxable","26":"purchasable","27":"product-type-variable"},"acf":[],"_links":{"self":[{"href":"https:\/\/moto-oprema.com\/hr\/wp-json\/wp\/v2\/product\/129036","targetHints":{"allow":["GET"]}}],"collection":[{"href":"https:\/\/moto-oprema.com\/hr\/wp-json\/wp\/v2\/product"}],"about":[{"href":"https:\/\/moto-oprema.com\/hr\/wp-json\/wp\/v2\/types\/product"}],"replies":[{"embeddable":true,"href":"https:\/\/moto-oprema.com\/hr\/wp-json\/wp\/v2\/comments?post=129036"}],"wp:featuredmedia":[{"embeddable":true,"href":"https:\/\/moto-oprema.com\/hr\/wp-json\/wp\/v2\/media\/85707"}],"wp:attachment":[{"href":"https:\/\/moto-oprema.com\/hr\/wp-json\/wp\/v2\/media?parent=129036"}],"wp:term":[{"taxonomy":"brand","embeddable":true,"href":"https:\/\/moto-oprema.com\/hr\/wp-json\/wp\/v2\/brand?post=129036"},{"taxonomy":"gender","embeddable":true,"href":"https:\/\/moto-oprema.com\/hr\/wp-json\/wp\/v2\/gender?post=129036"},{"taxonomy":"product_brand","embeddable":true,"href":"https:\/\/moto-oprema.com\/hr\/wp-json\/wp\/v2\/product_brand?post=129036"},{"taxonomy":"product_cat","embeddable":true,"href":"https:\/\/moto-oprema.com\/hr\/wp-json\/wp\/v2\/product_cat?post=129036"},{"taxonomy":"product_tag","embeddable":true,"href":"https:\/\/moto-oprema.com\/hr\/wp-json\/wp\/v2\/product_tag?post=129036"}],"curies":[{"name":"wp","href":"https:\/\/api.w.org\/{rel}","templated":true}]}}

DAINESE HEROSPHERE AIR ŽENSKA JAKNA CRNO-BIJELA BRESKVASTA

<p>Ženska jakna Herosphere Tex savršena je mješavina zaštite i maksimalne lakoće, to je prozračna motociklistička jakna, idealna za putovanja motociklom po toplom vremenu.</p>
<p> Ova jakna, koja se može pohvaliti certifikatom EN 17092 klase A, ima tehnički, ali sportski dizajn, s mekim i prozračenim Pro-Armor štitnicima na ramenima i laktovima te džepovima dizajniranim za smještaj štitnika za prsa i leđa.</p>
<p> Za optimalnu udobnost i ergonomiju tijekom vožnje, odjevni predmet ima sustave za podešavanje na zapešćima i bokovima, kao i petlju za spajanje jakne s hlačama kako bi se izbjegao neugodan propuh na leđima tijekom vožnje.</p>
<p> Sastav sirovine: 100% poliester</p>

<p>Ženska jakna Herosphere Tex savršena je mješavina zaštite i maksimalne lakoće, to je prozračna motociklistička jakna,&#8230;</p>
