{"id":128997,"date":"2025-05-07T10:12:04","date_gmt":"2025-05-07T10:12:04","guid":{"rendered":"https:\/\/moto-oprema.com\/Artikel\/agv-k7-kaciga-taurax-crna-crvena\/"},"modified":"2025-05-07T10:12:04","modified_gmt":"2025-05-07T10:12:04","slug":"agv-k7-kaciga-taurax-crna-crvena","status":"publish","type":"product","link":"https:\/\/moto-oprema.com\/hr\/Artikel\/agv-k7-kaciga-taurax-crna-crvena\/","title":{"rendered":"AGV K7 KACIGA TAURAX CRNA CRVENA"},"content":{"rendered":"<p>AGV K7 kaciga<\/p>\n<p>K7 kombinira sport i touring na najvi\u0161oj razini. Ova lagana kaciga za cijelo lice (samo 1450 g) nudi maksimalnu za\u0161titu zahvaljuju\u0107i svojoj kompozitnoj vlaknastoj \u0161koljci, inovativnom dizajnu i uskla\u0111enosti sa strogim standardom ECE 22-06. Razvijena u zra\u010dnom tunelu, osigurava optimalnu stabilnost, cirkulaciju zraka i udobnost na svakoj vo\u017enji. Ultravision vizir otporan na ogrebotine s vidnim poljem od 190 stupnjeva, integrirani \u0161titnik za sunce i Pinlock\u00ae 120 osiguravaju savr\u0161enu vidljivost. S vrhunskom unutra\u0161njosti i pripremom za interfon, K7 je idealan pratitelj za zahtjevne motocikliste.    <\/p>\n<p>Zna\u010dajke:<\/p>\n<ul>\n<li>Ugra\u0111eni aerodinami\u010dni spojler<\/li>\n<li>Jastu\u010di\u0107i za lice, zamjenjivi izme\u0111u svih veli\u010dina<\/li>\n<li>Jastu\u010di\u0107i za obraze izra\u0111eni od svje\u017ee i podatne Ritmo tkanine<\/li>\n<li>Shalimar naslon za glavu od mekane i fleksibilne tkanine<\/li>\n<li>DrySpeed s trenutnim upijanjem znoja<\/li>\n<li>Zakrivljeni profil za za\u0161titu vrata<\/li>\n<li>Prilago\u0111eno posebno za nositelje nao\u010dala<\/li>\n<li>Microsense vrhunska udobnost ko\u017ee<\/li>\n<li>Uklonjiva i periva podstava<\/li>\n<li>Uklonjivi \u0161titnik za nos<\/li>\n<li>Uklonjiva za\u0161tita od vjetra<\/li>\n<li>2 stra\u017enja i 5 prednjih otvora za ventilaciju i podesivi ventilacijski otvori<\/li>\n<li>Vizir otporan na ogrebotine s vidnim poljem od 190 stupnjeva i sustavom mikro otvaranja<\/li>\n<li>Spremno za 120 Pinlock (nije uklju\u010deno)<\/li>\n<li>Integrirani, otporni na ogrebotine \u0161titnik za sunce koji se mo\u017ee ukloniti bez alata<\/li>\n<li>Vi\u0161estupanjski mehanizam vizira<\/li>\n<li>Patentirani mehanizam za brzo otpu\u0161tanje<\/li>\n<li>Patentirani sustav zaklju\u010davanja vizira<\/li>\n<\/ul>\n<p>Tehni\u010dki podaci:<\/p>\n<p>ECE 22-06<br \/>\n Obloga od kompozitnih vlakana<br \/>\n 3 veli\u010dine \u0161koljke<br \/>\n 1.450 g u prvoj veli\u010dini ljuske<br \/>\n Kompatibilnost:<\/p>\n<p>Pripremljeno za INSYDE AGV komunikacijski sustav<\/p>\n","protected":false},"excerpt":{"rendered":"<p>AGV K7 kaciga K7 kombinira sport i touring na najvi\u0161oj razini. Ova lagana kaciga za cijelo&#8230;<\/p>\n","protected":false},"featured_media":85833,"comment_status":"open","ping_status":"closed","template":"","meta":{"_acf_changed":false},"brand":[2763],"gender":[2172],"product_brand":[],"product_cat":[1358,1356,1359],"product_tag":[],"class_list":{"0":"post-128997","1":"product","2":"type-product","3":"status-publish","4":"has-post-thumbnail","6":"brand-agv-hr","7":"gender-unisex-hr","8":"product_cat-kacige","9":"product_cat-motociklisticka-oprema","10":"product_cat-sastavni","11":"pa_size-2xl-hr","12":"pa_size-l-hr","13":"pa_size-m-hr","14":"pa_size-s-hr","15":"pa_size-xl-hr","16":"pa_size-xs-hr","18":"first","19":"instock","20":"sale","21":"taxable","22":"shipping-taxable","23":"purchasable","24":"product-type-variable"},"acf":[],"_links":{"self":[{"href":"https:\/\/moto-oprema.com\/hr\/wp-json\/wp\/v2\/product\/128997","targetHints":{"allow":["GET"]}}],"collection":[{"href":"https:\/\/moto-oprema.com\/hr\/wp-json\/wp\/v2\/product"}],"about":[{"href":"https:\/\/moto-oprema.com\/hr\/wp-json\/wp\/v2\/types\/product"}],"replies":[{"embeddable":true,"href":"https:\/\/moto-oprema.com\/hr\/wp-json\/wp\/v2\/comments?post=128997"}],"wp:featuredmedia":[{"embeddable":true,"href":"https:\/\/moto-oprema.com\/hr\/wp-json\/wp\/v2\/media\/85833"}],"wp:attachment":[{"href":"https:\/\/moto-oprema.com\/hr\/wp-json\/wp\/v2\/media?parent=128997"}],"wp:term":[{"taxonomy":"brand","embeddable":true,"href":"https:\/\/moto-oprema.com\/hr\/wp-json\/wp\/v2\/brand?post=128997"},{"taxonomy":"gender","embeddable":true,"href":"https:\/\/moto-oprema.com\/hr\/wp-json\/wp\/v2\/gender?post=128997"},{"taxonomy":"product_brand","embeddable":true,"href":"https:\/\/moto-oprema.com\/hr\/wp-json\/wp\/v2\/product_brand?post=128997"},{"taxonomy":"product_cat","embeddable":true,"href":"https:\/\/moto-oprema.com\/hr\/wp-json\/wp\/v2\/product_cat?post=128997"},{"taxonomy":"product_tag","embeddable":true,"href":"https:\/\/moto-oprema.com\/hr\/wp-json\/wp\/v2\/product_tag?post=128997"}],"curies":[{"name":"wp","href":"https:\/\/api.w.org\/{rel}","templated":true}]}}

<p>AGV K7 kaciga</p>
<p>K7 kombinira sport i touring na najvišoj razini. Ova lagana kaciga za cijelo lice (samo 1450 g) nudi maksimalnu zaštitu zahvaljujući svojoj kompozitnoj vlaknastoj školjci, inovativnom dizajnu i usklađenosti sa strogim standardom ECE 22-06. Razvijena u zračnom tunelu, osigurava optimalnu stabilnost, cirkulaciju zraka i udobnost na svakoj vožnji. Ultravision vizir otporan na ogrebotine s vidnim poljem od 190 stupnjeva, integrirani štitnik za sunce i Pinlock® 120 osiguravaju savršenu vidljivost. S vrhunskom unutrašnjosti i pripremom za interfon, K7 je idealan pratitelj za zahtjevne motocikliste.    </p>
<p>Značajke:</p>
<ul>
<li>Ugrađeni aerodinamični spojler</li>
<li>Jastučići za lice, zamjenjivi između svih veličina</li>
<li>Jastučići za obraze izrađeni od svježe i podatne Ritmo tkanine</li>
<li>Shalimar naslon za glavu od mekane i fleksibilne tkanine</li>
<li>DrySpeed s trenutnim upijanjem znoja</li>
<li>Zakrivljeni profil za zaštitu vrata</li>
<li>Prilagođeno posebno za nositelje naočala</li>
<li>Microsense vrhunska udobnost kože</li>
<li>Uklonjiva i periva podstava</li>
<li>Uklonjivi štitnik za nos</li>
<li>Uklonjiva zaštita od vjetra</li>
<li>2 stražnja i 5 prednjih otvora za ventilaciju i podesivi ventilacijski otvori</li>
<li>Vizir otporan na ogrebotine s vidnim poljem od 190 stupnjeva i sustavom mikro otvaranja</li>
<li>Spremno za 120 Pinlock (nije uključeno)</li>
<li>Integrirani, otporni na ogrebotine štitnik za sunce koji se može ukloniti bez alata</li>
<li>Višestupanjski mehanizam vizira</li>
<li>Patentirani mehanizam za brzo otpuštanje</li>
<li>Patentirani sustav zaključavanja vizira</li>
</ul>
<p>Tehnički podaci:</p>
<p>ECE 22-06<br />
 Obloga od kompozitnih vlakana<br />
 3 veličine školjke<br />
 1.450 g u prvoj veličini ljuske<br />
 Kompatibilnost:</p>
<p>Pripremljeno za INSYDE AGV komunikacijski sustav</p>

<p>AGV K7 kaciga K7 kombinira sport i touring na najvišoj razini. Ova lagana kaciga za cijelo&#8230;</p>
