{"id":236947,"date":"2026-07-21T10:04:40","date_gmt":"2026-07-21T10:04:40","guid":{"rendered":"https:\/\/moto-oprema.com\/?post_type=product&#038;p=236947"},"modified":"2026-07-21T22:39:42","modified_gmt":"2026-07-21T22:39:42","slug":"alpinestars-durack-rokavice-red","status":"publish","type":"product","link":"https:\/\/moto-oprema.com\/en\/Artikel\/alpinestars-durack-rokavice-red\/","title":{"rendered":"ALPINESTARS DURACK ROKAVICE RED"},"content":{"rendered":"<p>Te vsestranske motociklisti\u010dne rokavice zdru\u017eujejo notranjo stran iz sinteti\u010dnega semi\u0161a, odpornega proti obrabi, s pro\u017enim zgornjim delom iz spandeksa, kar zagotavlja optimalno prileganje in svobodo gibanja. Neopren na zapestju in enodelna konstrukcija dlan\u010dnega dela zagotavljata visoko udobje pri no\u0161enju med vsako vo\u017enjo.<br \/>\nDvodelna konstrukcija na prstih z neposredno vbrizganim TPR-jem ter dodatno oblazinjenjem zanesljivo \u0161\u010diti pred udarci \u2013 brez kompromisov pri pro\u017enosti. Kratek man\u0161etni zaklju\u010dek z velcro zaponko omogo\u010da varno in individualno prilagajanje rokavic Alpinestars Durack.<br \/>\nCertificirane po standardu CE Level 1 KP \u2013 za preverjeno varnost s \u0161portnimi zahtevami.<\/p>\n","protected":false},"excerpt":{"rendered":"<p>Te vsestranske motociklisti\u010dne rokavice zdru\u017eujejo notranjo stran iz sinteti\u010dnega semi\u0161a, odpornega proti obrabi, s pro\u017enim zgornjim&#8230;<\/p>\n","protected":false},"featured_media":236749,"comment_status":"open","ping_status":"closed","template":"","meta":{"_acf_changed":false},"brand":[2110],"gender":[2167],"product_brand":[],"product_cat":[1399,1369,1409],"product_tag":[],"class_list":{"0":"post-236947","1":"product","2":"type-product","3":"status-publish","4":"has-post-thumbnail","6":"brand-alpinestars-en","7":"gender-moski-en","8":"product_cat-gloves","9":"product_cat-motorcycle-gear","10":"product_cat-textile-gloves","11":"pa_size-2xl-en","12":"pa_size-3xl-en","13":"pa_size-l-en","14":"pa_size-m-en","15":"pa_size-s-en","16":"pa_size-xl-en","18":"first","19":"instock","20":"sale","21":"taxable","22":"shipping-taxable","23":"purchasable","24":"product-type-variable"},"acf":[],"_links":{"self":[{"href":"https:\/\/moto-oprema.com\/en\/wp-json\/wp\/v2\/product\/236947","targetHints":{"allow":["GET"]}}],"collection":[{"href":"https:\/\/moto-oprema.com\/en\/wp-json\/wp\/v2\/product"}],"about":[{"href":"https:\/\/moto-oprema.com\/en\/wp-json\/wp\/v2\/types\/product"}],"replies":[{"embeddable":true,"href":"https:\/\/moto-oprema.com\/en\/wp-json\/wp\/v2\/comments?post=236947"}],"wp:featuredmedia":[{"embeddable":true,"href":"https:\/\/moto-oprema.com\/en\/wp-json\/wp\/v2\/media\/236749"}],"wp:attachment":[{"href":"https:\/\/moto-oprema.com\/en\/wp-json\/wp\/v2\/media?parent=236947"}],"wp:term":[{"taxonomy":"brand","embeddable":true,"href":"https:\/\/moto-oprema.com\/en\/wp-json\/wp\/v2\/brand?post=236947"},{"taxonomy":"gender","embeddable":true,"href":"https:\/\/moto-oprema.com\/en\/wp-json\/wp\/v2\/gender?post=236947"},{"taxonomy":"product_brand","embeddable":true,"href":"https:\/\/moto-oprema.com\/en\/wp-json\/wp\/v2\/product_brand?post=236947"},{"taxonomy":"product_cat","embeddable":true,"href":"https:\/\/moto-oprema.com\/en\/wp-json\/wp\/v2\/product_cat?post=236947"},{"taxonomy":"product_tag","embeddable":true,"href":"https:\/\/moto-oprema.com\/en\/wp-json\/wp\/v2\/product_tag?post=236947"}],"curies":[{"name":"wp","href":"https:\/\/api.w.org\/{rel}","templated":true}]}}

<p>Te vsestranske motociklistične rokavice združujejo notranjo stran iz sintetičnega semiša, odpornega proti obrabi, s prožnim zgornjim delom iz spandeksa, kar zagotavlja optimalno prileganje in svobodo gibanja. Neopren na zapestju in enodelna konstrukcija dlančnega dela zagotavljata visoko udobje pri nošenju med vsako vožnjo.<br />
Dvodelna konstrukcija na prstih z neposredno vbrizganim TPR-jem ter dodatno oblazinjenjem zanesljivo ščiti pred udarci – brez kompromisov pri prožnosti. Kratek manšetni zaključek z velcro zaponko omogoča varno in individualno prilagajanje rokavic Alpinestars Durack.<br />
Certificirane po standardu CE Level 1 KP – za preverjeno varnost s športnimi zahtevami.</p>

<p>Te vsestranske motociklistične rokavice združujejo notranjo stran iz sintetičnega semiša, odpornega proti obrabi, s prožnim zgornjim&#8230;</p>
