{"id":94929,"date":"2025-04-17T07:22:23","date_gmt":"2025-04-17T07:22:23","guid":{"rendered":"https:\/\/moto-oprema.com\/Artikel\/leatt-brustprotektor-1-5-schwarz\/"},"modified":"2025-04-17T07:22:23","modified_gmt":"2025-04-17T07:22:23","slug":"leatt-brustprotektor-1-5-schwarz","status":"publish","type":"product","link":"https:\/\/moto-oprema.com\/de\/Artikel\/leatt-brustprotektor-1-5-schwarz\/","title":{"rendered":"LEATT BRUSTPROTEKTOR 1.5 SCHWARZ"},"content":{"rendered":"<div id=\"tw-target-text-container\" class=\"tw-ta-container tw-nfl\">\n<div class=\"tw-ta-container tw-nfl\">\n<div class=\"tw-ta-container tw-nfl\">\n<p id=\"tw-target-text\" class=\"tw-data-text tw-text-large tw-ta\" dir=\"ltr\" style=\"text-align: left;\">Der LEATT 1.5 Brustprotektor ist ein Hartschalenprotektor mit CE- und EN14021-Zertifizierung. Die 3D-Kontur sorgt f\u00fcr eine bequeme Passform mit einer gepolsterten Basisschicht. Durch die eng anliegende Passform kann er auch unter einem T-Shirt getragen werden. Die Vorder- und R\u00fcckenteile sind abnehmbar und das BraceOn-System erm\u00f6glicht Anpassungen \u00fcber und unter dem Hemd. Geeignet f\u00fcr Erwachsene mit einem Gewicht zwischen 60 und 90 kg.    <\/p>\n<\/div>\n<div id=\"z6maec\" class=\"tw-ta-container tw-nfl\"><\/div>\n<p class=\"tw-data-text tw-text-large tw-ta\" dir=\"ltr\" style=\"text-align: left;\">\n<\/div>\n<\/div>\n","protected":false},"excerpt":{"rendered":"<p>Gr\u00f6\u00dfe : UNI &#8211; 60-90 kg<\/p>\n","protected":false},"featured_media":81672,"comment_status":"open","ping_status":"closed","template":"","meta":{"_acf_changed":false},"brand":[2121],"gender":[2168],"product_brand":[],"product_cat":[2028,2075,2077,2076,2222,2079],"product_tag":[],"class_list":{"0":"post-94929","1":"product","2":"type-product","3":"status-publish","4":"has-post-thumbnail","6":"brand-leatt-de","7":"gender-moski-de","8":"product_cat-motocross-ausrustung","9":"product_cat-mtb-radfahren-ausrustung","10":"product_cat-mtb-korperprotektoren","11":"product_cat-mtb-schilder","12":"product_cat-mx-korperprotektoren","13":"product_cat-mx-schilder","14":"pa_size-wahlen-sie-unten","16":"first","17":"outofstock","18":"sale","19":"taxable","20":"shipping-taxable","21":"purchasable","22":"product-type-simple"},"acf":[],"_links":{"self":[{"href":"https:\/\/moto-oprema.com\/de\/wp-json\/wp\/v2\/product\/94929","targetHints":{"allow":["GET"]}}],"collection":[{"href":"https:\/\/moto-oprema.com\/de\/wp-json\/wp\/v2\/product"}],"about":[{"href":"https:\/\/moto-oprema.com\/de\/wp-json\/wp\/v2\/types\/product"}],"replies":[{"embeddable":true,"href":"https:\/\/moto-oprema.com\/de\/wp-json\/wp\/v2\/comments?post=94929"}],"wp:featuredmedia":[{"embeddable":true,"href":"https:\/\/moto-oprema.com\/de\/wp-json\/wp\/v2\/media\/81672"}],"wp:attachment":[{"href":"https:\/\/moto-oprema.com\/de\/wp-json\/wp\/v2\/media?parent=94929"}],"wp:term":[{"taxonomy":"brand","embeddable":true,"href":"https:\/\/moto-oprema.com\/de\/wp-json\/wp\/v2\/brand?post=94929"},{"taxonomy":"gender","embeddable":true,"href":"https:\/\/moto-oprema.com\/de\/wp-json\/wp\/v2\/gender?post=94929"},{"taxonomy":"product_brand","embeddable":true,"href":"https:\/\/moto-oprema.com\/de\/wp-json\/wp\/v2\/product_brand?post=94929"},{"taxonomy":"product_cat","embeddable":true,"href":"https:\/\/moto-oprema.com\/de\/wp-json\/wp\/v2\/product_cat?post=94929"},{"taxonomy":"product_tag","embeddable":true,"href":"https:\/\/moto-oprema.com\/de\/wp-json\/wp\/v2\/product_tag?post=94929"}],"curies":[{"name":"wp","href":"https:\/\/api.w.org\/{rel}","templated":true}]}}

<div id="tw-target-text-container" class="tw-ta-container tw-nfl">
<div class="tw-ta-container tw-nfl">
<div class="tw-ta-container tw-nfl">
<p id="tw-target-text" class="tw-data-text tw-text-large tw-ta" dir="ltr" style="text-align: left;">Der LEATT 1.5 Brustprotektor ist ein Hartschalenprotektor mit CE- und EN14021-Zertifizierung. Die 3D-Kontur sorgt für eine bequeme Passform mit einer gepolsterten Basisschicht. Durch die eng anliegende Passform kann er auch unter einem T-Shirt getragen werden. Die Vorder- und Rückenteile sind abnehmbar und das BraceOn-System ermöglicht Anpassungen über und unter dem Hemd. Geeignet für Erwachsene mit einem Gewicht zwischen 60 und 90 kg.    </p>
</div>
<div id="z6maec" class="tw-ta-container tw-nfl"></div>
<p class="tw-data-text tw-text-large tw-ta" dir="ltr" style="text-align: left;">
</div>
</div>

<p>Größe : UNI &#8211; 60-90 kg</p>
