{"id":237098,"date":"2026-07-22T07:19:42","date_gmt":"2026-07-22T07:19:42","guid":{"rendered":"https:\/\/moto-oprema.com\/?post_type=product&#038;p=237098"},"modified":"2026-07-22T07:29:05","modified_gmt":"2026-07-22T07:29:05","slug":"alpinestars-aeroshell-airflow-textilhose-schwarz-kopija","status":"publish","type":"product","link":"https:\/\/moto-oprema.com\/de\/Artikel\/alpinestars-aeroshell-airflow-textilhose-schwarz-kopija\/","title":{"rendered":"ALPINESTARS AEROSHELL AIRFLOW TEXTILJACKE SCHWARZ"},"content":{"rendered":"<p>Diese Motorradjacke wurde f\u00fcr alle entwickelt, die h\u00f6chste Anspr\u00fcche an Funktionalit\u00e4t, Schutz und Stil stellen. Sie vereint innovative Materialien mit durchdachten Details und bietet so ein Fahrerlebnis auf h\u00f6chstem Niveau \u2013 sowohl auf der Stra\u00dfe als auch abseits der Stra\u00dfe.<br \/>\nGro\u00dffl\u00e4chige Laserperforationen im Brust- und R\u00fcckenbereich sorgen f\u00fcr eine hervorragende Luftzirkulation und lassen den Wind w\u00e4hrend der Fahrt angenehm durch die Jacke wehen. Diese Bel\u00fcftung wird durch strategisch platzierte 2D-Netz-Eins\u00e4tze unterst\u00fctzt, die das Mikroklima im Inneren regulieren und auch bei warmem Wetter f\u00fcr angenehme Frische sorgen.<br \/>\nTrotz des hohen Schutzfaktors bleibt die Textiljacke von Alpinestars au\u00dfergew\u00f6hnlich leicht. Die anpassungsf\u00e4hige Stretch-Softshell-Konstruktion schmiegt sich ergonomisch an den K\u00f6rper an und gew\u00e4hrleistet uneingeschr\u00e4nkte Bewegungsfreiheit. Der sportliche Schnitt mit verl\u00e4ngertem R\u00fcckenteil sch\u00fctzt zuverl\u00e4ssig vor Wind und gew\u00e4hrleistet eine optimale Passform in der nach vorne geneigten Fahrhaltung.<br \/>\nAuch in der Ausstattung ist die Aeroshell Airflow bis ins kleinste Detail durchdacht: Vorgeformte \u00c4rmel entlasten die Muskeln auf langen Fahrten, verstellbare \u00c4rmelb\u00fcndchen sorgen f\u00fcr individuellen Tragekomfort, w\u00e4hrend diskret platzierte Innen- und Au\u00dfentaschen praktischen Stauraum bieten, ohne das Design zu beeintr\u00e4chtigen.<br \/>\nF\u00fcr alle F\u00e4lle ist die Jacke mit modernster Schutztechnologie ausgestattet. Die integrierten Nucleon Flex Plus-Protektoren an Schultern und Ellbogen gew\u00e4hrleisten zuverl\u00e4ssigen Aufprallschutz, ohne dass die Jacke zu sperrig wird. Dar\u00fcber hinaus ist die Jacke vollst\u00e4ndig kompatibel mit den Airbag-Systemen Alpinestars Tech-Air\u00ae 3, 5 PLASMA und 7x \u2013 das anpassungsf\u00e4hige Design erm\u00f6glicht eine optimale Passform, unabh\u00e4ngig davon, ob das Airbag-System installiert oder ausgel\u00f6st ist.<br \/>\nSelbstverst\u00e4ndlich erf\u00fcllt die Jacke alle europ\u00e4ischen Sicherheitsstandards und ist als Motorrad-Schutzausr\u00fcstung gem\u00e4\u00df der CE-Norm \u2013 Kategorie II (prEN17092, Klasse A) \u2013 zertifiziert.<\/p>\n","protected":false},"excerpt":{"rendered":"<p>Diese Motorradjacke wurde f\u00fcr alle entwickelt, die h\u00f6chste Anspr\u00fcche an Funktionalit\u00e4t, Schutz und Stil stellen. Sie&#8230;<\/p>\n","protected":false},"featured_media":237188,"comment_status":"open","ping_status":"closed","template":"","meta":{"_acf_changed":false},"brand":[2111],"gender":[2168],"product_brand":[],"product_cat":[1357,2189,2211],"product_tag":[],"class_list":{"0":"post-237098","1":"product","2":"type-product","3":"status-publish","4":"has-post-thumbnail","6":"brand-alpinestars-de","7":"gender-moski-de","8":"product_cat-ausrustung-fur-motorradfahrer","9":"product_cat-hose","10":"product_cat-textil-hose","11":"pa_size-2xl-de","12":"pa_size-3xl-de","13":"pa_size-l-de","14":"pa_size-m-de","15":"pa_size-s-de","16":"pa_size-xl-de","18":"first","19":"instock","20":"taxable","21":"shipping-taxable","22":"purchasable","23":"product-type-variable"},"acf":[],"_links":{"self":[{"href":"https:\/\/moto-oprema.com\/de\/wp-json\/wp\/v2\/product\/237098","targetHints":{"allow":["GET"]}}],"collection":[{"href":"https:\/\/moto-oprema.com\/de\/wp-json\/wp\/v2\/product"}],"about":[{"href":"https:\/\/moto-oprema.com\/de\/wp-json\/wp\/v2\/types\/product"}],"replies":[{"embeddable":true,"href":"https:\/\/moto-oprema.com\/de\/wp-json\/wp\/v2\/comments?post=237098"}],"wp:featuredmedia":[{"embeddable":true,"href":"https:\/\/moto-oprema.com\/de\/wp-json\/wp\/v2\/media\/237188"}],"wp:attachment":[{"href":"https:\/\/moto-oprema.com\/de\/wp-json\/wp\/v2\/media?parent=237098"}],"wp:term":[{"taxonomy":"brand","embeddable":true,"href":"https:\/\/moto-oprema.com\/de\/wp-json\/wp\/v2\/brand?post=237098"},{"taxonomy":"gender","embeddable":true,"href":"https:\/\/moto-oprema.com\/de\/wp-json\/wp\/v2\/gender?post=237098"},{"taxonomy":"product_brand","embeddable":true,"href":"https:\/\/moto-oprema.com\/de\/wp-json\/wp\/v2\/product_brand?post=237098"},{"taxonomy":"product_cat","embeddable":true,"href":"https:\/\/moto-oprema.com\/de\/wp-json\/wp\/v2\/product_cat?post=237098"},{"taxonomy":"product_tag","embeddable":true,"href":"https:\/\/moto-oprema.com\/de\/wp-json\/wp\/v2\/product_tag?post=237098"}],"curies":[{"name":"wp","href":"https:\/\/api.w.org\/{rel}","templated":true}]}}

<p>Diese Motorradjacke wurde für alle entwickelt, die höchste Ansprüche an Funktionalität, Schutz und Stil stellen. Sie vereint innovative Materialien mit durchdachten Details und bietet so ein Fahrerlebnis auf höchstem Niveau – sowohl auf der Straße als auch abseits der Straße.<br />
Großflächige Laserperforationen im Brust- und Rückenbereich sorgen für eine hervorragende Luftzirkulation und lassen den Wind während der Fahrt angenehm durch die Jacke wehen. Diese Belüftung wird durch strategisch platzierte 2D-Netz-Einsätze unterstützt, die das Mikroklima im Inneren regulieren und auch bei warmem Wetter für angenehme Frische sorgen.<br />
Trotz des hohen Schutzfaktors bleibt die Textiljacke von Alpinestars außergewöhnlich leicht. Die anpassungsfähige Stretch-Softshell-Konstruktion schmiegt sich ergonomisch an den Körper an und gewährleistet uneingeschränkte Bewegungsfreiheit. Der sportliche Schnitt mit verlängertem Rückenteil schützt zuverlässig vor Wind und gewährleistet eine optimale Passform in der nach vorne geneigten Fahrhaltung.<br />
Auch in der Ausstattung ist die Aeroshell Airflow bis ins kleinste Detail durchdacht: Vorgeformte Ärmel entlasten die Muskeln auf langen Fahrten, verstellbare Ärmelbündchen sorgen für individuellen Tragekomfort, während diskret platzierte Innen- und Außentaschen praktischen Stauraum bieten, ohne das Design zu beeinträchtigen.<br />
Für alle Fälle ist die Jacke mit modernster Schutztechnologie ausgestattet. Die integrierten Nucleon Flex Plus-Protektoren an Schultern und Ellbogen gewährleisten zuverlässigen Aufprallschutz, ohne dass die Jacke zu sperrig wird. Darüber hinaus ist die Jacke vollständig kompatibel mit den Airbag-Systemen Alpinestars Tech-Air® 3, 5 PLASMA und 7x – das anpassungsfähige Design ermöglicht eine optimale Passform, unabhängig davon, ob das Airbag-System installiert oder ausgelöst ist.<br />
Selbstverständlich erfüllt die Jacke alle europäischen Sicherheitsstandards und ist als Motorrad-Schutzausrüstung gemäß der CE-Norm – Kategorie II (prEN17092, Klasse A) – zertifiziert.</p>

<p>Diese Motorradjacke wurde für alle entwickelt, die höchste Ansprüche an Funktionalität, Schutz und Stil stellen. Sie&#8230;</p>
