{"id":174701,"date":"2025-11-06T10:58:32","date_gmt":"2025-11-06T10:58:32","guid":{"rendered":"https:\/\/moto-oprema.com\/?post_type=product&#038;p=174701"},"modified":"2025-11-06T10:58:34","modified_gmt":"2025-11-06T10:58:34","slug":"dainese-tonale-d-dry-jacke-gletscher-grau-blau-schwarz","status":"publish","type":"product","link":"https:\/\/moto-oprema.com\/de\/Artikel\/dainese-tonale-d-dry-jacke-gletscher-grau-blau-schwarz\/","title":{"rendered":"DAINESE TONALE D-DRY JACKE GLETSCHER GRAU BLAU SCHWARZ"},"content":{"rendered":"<p>Dainese Tonale D-Dry Textiljacke f\u00fcr Motorradfahrer<\/p>\n<p>Er wurde f\u00fcr Motorradfahrer entwickelt, die jedes Jahr Tausende von Kilometern bei allen Wetterbedingungen zur\u00fccklegen. Sie sch\u00fctzt Sie vor widrigen Wetterbedingungen, so dass Sie Ihr Potenzial in Komfort und Sicherheit aussch\u00f6pfen k\u00f6nnen. Das innovative 15.000 mm dicke D-Dry XT-Stretchgewebe ist laminiert und wasserdicht und bietet ein neues Ma\u00df an Ergonomie im Sattel und Schutz vor Regen und widrigen Wetterbedingungen. Das Thermofutter, das auch separat getragen werden kann, sorgt selbst an den k\u00e4ltesten Tagen f\u00fcr hervorragenden Fahrkomfort.   <\/p>\n<p>Spec:<\/p>\n<ul>\n<li>1 Gep\u00e4ckfach auf der R\u00fcckseite<\/li>\n<li>Herausnehmbarer 2-in-1-Thermofutterstoff (kann auch separat getragen werden)<\/li>\n<li>2 wasserdichte Au\u00dfentaschen<\/li>\n<li>4-Wege-Stretch-Stoff<\/li>\n<li>Verstellbarer Hals, Taille und Handgelenke<\/li>\n<li>abnehmbare Schulter- und Ellbogenpolster aus Verbundwerkstoff (Norm EN 1621.1)<\/li>\n<li>G1 und G2 R\u00fcckenprotektor Tasche<\/li>\n<li>D-Dry XT Laminierte Extend Technologie<\/li>\n<li>D-Stone\u2122-Gewebe in stark beanspruchten Bereichen<\/li>\n<li>2 Rei\u00dfverschl\u00fcsse zur Bel\u00fcftung auf der Brust, die direkt auf den K\u00f6rper f\u00fchren<\/li>\n<li>Bel\u00fcftungsrei\u00dfverschl\u00fcsse am R\u00fccken, die sich direkt am K\u00f6rper \u00f6ffnen lassen<\/li>\n<li>laminierte D-Dry XT-Membran<\/li>\n<li>Wasserdicht 20.000 mm<\/li>\n<li>Herausnehmbares Thermofutter<\/li>\n<\/ul>\n<p>&nbsp;<\/p>\n","protected":false},"excerpt":{"rendered":"<p>Dainese Tonale D-Dry Textiljacke f\u00fcr Motorradfahrer Er wurde f\u00fcr Motorradfahrer entwickelt, die jedes Jahr Tausende von&#8230;<\/p>\n","protected":false},"featured_media":174688,"comment_status":"open","ping_status":"closed","template":"","meta":{"_acf_changed":false},"brand":[2113],"gender":[2168],"product_brand":[],"product_cat":[1357,2045,2048],"product_tag":[],"class_list":{"0":"post-174701","1":"product","2":"type-product","3":"status-publish","4":"has-post-thumbnail","6":"brand-dainese-de","7":"gender-moski-de","8":"product_cat-ausrustung-fur-motorradfahrer","9":"product_cat-jakne-de","10":"product_cat-textil-jacken","11":"pa_velikost-st-58-de","13":"first","14":"instock","15":"sale","16":"taxable","17":"shipping-taxable","18":"purchasable","19":"product-type-variable"},"acf":[],"_links":{"self":[{"href":"https:\/\/moto-oprema.com\/de\/wp-json\/wp\/v2\/product\/174701","targetHints":{"allow":["GET"]}}],"collection":[{"href":"https:\/\/moto-oprema.com\/de\/wp-json\/wp\/v2\/product"}],"about":[{"href":"https:\/\/moto-oprema.com\/de\/wp-json\/wp\/v2\/types\/product"}],"replies":[{"embeddable":true,"href":"https:\/\/moto-oprema.com\/de\/wp-json\/wp\/v2\/comments?post=174701"}],"wp:featuredmedia":[{"embeddable":true,"href":"https:\/\/moto-oprema.com\/de\/wp-json\/wp\/v2\/media\/174688"}],"wp:attachment":[{"href":"https:\/\/moto-oprema.com\/de\/wp-json\/wp\/v2\/media?parent=174701"}],"wp:term":[{"taxonomy":"brand","embeddable":true,"href":"https:\/\/moto-oprema.com\/de\/wp-json\/wp\/v2\/brand?post=174701"},{"taxonomy":"gender","embeddable":true,"href":"https:\/\/moto-oprema.com\/de\/wp-json\/wp\/v2\/gender?post=174701"},{"taxonomy":"product_brand","embeddable":true,"href":"https:\/\/moto-oprema.com\/de\/wp-json\/wp\/v2\/product_brand?post=174701"},{"taxonomy":"product_cat","embeddable":true,"href":"https:\/\/moto-oprema.com\/de\/wp-json\/wp\/v2\/product_cat?post=174701"},{"taxonomy":"product_tag","embeddable":true,"href":"https:\/\/moto-oprema.com\/de\/wp-json\/wp\/v2\/product_tag?post=174701"}],"curies":[{"name":"wp","href":"https:\/\/api.w.org\/{rel}","templated":true}]}}

<p>Dainese Tonale D-Dry Textiljacke für Motorradfahrer</p>
<p>Er wurde für Motorradfahrer entwickelt, die jedes Jahr Tausende von Kilometern bei allen Wetterbedingungen zurücklegen. Sie schützt Sie vor widrigen Wetterbedingungen, so dass Sie Ihr Potenzial in Komfort und Sicherheit ausschöpfen können. Das innovative 15.000 mm dicke D-Dry XT-Stretchgewebe ist laminiert und wasserdicht und bietet ein neues Maß an Ergonomie im Sattel und Schutz vor Regen und widrigen Wetterbedingungen. Das Thermofutter, das auch separat getragen werden kann, sorgt selbst an den kältesten Tagen für hervorragenden Fahrkomfort.   </p>
<p>Spec:</p>
<ul>
<li>1 Gepäckfach auf der Rückseite</li>
<li>Herausnehmbarer 2-in-1-Thermofutterstoff (kann auch separat getragen werden)</li>
<li>2 wasserdichte Außentaschen</li>
<li>4-Wege-Stretch-Stoff</li>
<li>Verstellbarer Hals, Taille und Handgelenke</li>
<li>abnehmbare Schulter- und Ellbogenpolster aus Verbundwerkstoff (Norm EN 1621.1)</li>
<li>G1 und G2 Rückenprotektor Tasche</li>
<li>D-Dry XT Laminierte Extend Technologie</li>
<li>D-Stone™-Gewebe in stark beanspruchten Bereichen</li>
<li>2 Reißverschlüsse zur Belüftung auf der Brust, die direkt auf den Körper führen</li>
<li>Belüftungsreißverschlüsse am Rücken, die sich direkt am Körper öffnen lassen</li>
<li>laminierte D-Dry XT-Membran</li>
<li>Wasserdicht 20.000 mm</li>
<li>Herausnehmbares Thermofutter</li>
</ul>
<p>&nbsp;</p>

<p>Dainese Tonale D-Dry Textiljacke für Motorradfahrer Er wurde für Motorradfahrer entwickelt, die jedes Jahr Tausende von&#8230;</p>
