{"id":127752,"date":"2019-01-16T07:16:09","date_gmt":"2019-01-16T07:16:09","guid":{"rendered":"https:\/\/moto-oprema.com\/Artikel\/alpinestars-iguana-hydration-rucksack\/"},"modified":"2019-01-16T07:16:09","modified_gmt":"2019-01-16T07:16:09","slug":"alpinestars-iguana-hydration-rucksack","status":"publish","type":"product","link":"https:\/\/moto-oprema.com\/de\/Artikel\/alpinestars-iguana-hydration-rucksack\/","title":{"rendered":"ALPINESTARS IGUANA HYDRATION Rucksack"},"content":{"rendered":"<p><span style=\"font-size: medium\"><strong>ALPINESTARS Iguana Trinkrucksack.<\/strong> <\/span><\/p>\n<p><span style=\"font-size: medium\">Mit dem leichten Iguana Trinkrucksack k\u00f6nnen Sie die Fahrt noch l\u00e4nger genie\u00dfen. Er wurde entwickelt, um Komfort, leichte Tragbarkeit, Atmungsaktivit\u00e4t und Haltbarkeit zu bieten.<br \/>\n<\/span><\/p>\n<p><span style=\"font-size: medium\">Merkmale:<\/span><\/p>\n<p><span style=\"font-size: medium\">-Hergestellt aus hochwertigen Materialien  <\/span><\/p>\n<p><span style=\"font-size: medium\">-Inklusive 1,5l Trinkblase  <\/span><\/p>\n<p><span style=\"font-size: medium\">-Schlauch erm\u00f6glicht die Verwendung mit Helm und freih\u00e4ndiges Trinken  <\/span><\/p>\n<p><span style=\"font-size: medium\">-mit zwei Rei\u00dfverschlu\u00dff\u00e4chern  <\/span><\/p>\n<p><span style=\"font-size: medium\">-Wasserdichte Rei\u00dfverschlusstasche im Hauptfach, mit Mikrofleece gef\u00fctterte Brillentasche, zwei kleine Netztaschen, gro\u00dfe Tasche mit Blasennetz oder R\u00fcckenprotektor\/R\u00fcckenprotektor  <\/span><\/p>\n<p><span style=\"font-size: medium\">-Ergonomischer R\u00fccken mit Bel\u00fcftungskan\u00e4len f\u00fcr optimale Luftzirkulation (15mm Mesh)  <\/span><\/p>\n<p><span style=\"font-size: medium\">Gr\u00f6\u00dfe des Rucksacks: 6L<\/span><\/p>\n<p><span style=\"font-size: medium\">Materialien: Ripstop-Nylon und 450 Denier Polyester, PVC<\/span><\/p>\n","protected":false},"excerpt":{"rendered":"<p>ALPINESTARS Iguana Trinkrucksack. Mit dem leichten Iguana Trinkrucksack k\u00f6nnen Sie die Fahrt noch l\u00e4nger genie\u00dfen. Er&#8230;<\/p>\n","protected":false},"featured_media":3284,"comment_status":"open","ping_status":"open","template":"","meta":{"_acf_changed":false},"brand":[2111],"gender":[],"product_brand":[],"product_cat":[1357,2028,2024],"product_tag":[],"class_list":{"0":"post-127752","1":"product","2":"type-product","3":"status-publish","4":"has-post-thumbnail","6":"brand-alpinestars-de","7":"product_cat-ausrustung-fur-motorradfahrer","8":"product_cat-motocross-ausrustung","9":"product_cat-zubehor","11":"first","12":"instock","13":"taxable","14":"shipping-taxable","15":"purchasable","16":"product-type-simple"},"acf":[],"_links":{"self":[{"href":"https:\/\/moto-oprema.com\/de\/wp-json\/wp\/v2\/product\/127752","targetHints":{"allow":["GET"]}}],"collection":[{"href":"https:\/\/moto-oprema.com\/de\/wp-json\/wp\/v2\/product"}],"about":[{"href":"https:\/\/moto-oprema.com\/de\/wp-json\/wp\/v2\/types\/product"}],"replies":[{"embeddable":true,"href":"https:\/\/moto-oprema.com\/de\/wp-json\/wp\/v2\/comments?post=127752"}],"wp:featuredmedia":[{"embeddable":true,"href":"https:\/\/moto-oprema.com\/de\/wp-json\/wp\/v2\/media\/3284"}],"wp:attachment":[{"href":"https:\/\/moto-oprema.com\/de\/wp-json\/wp\/v2\/media?parent=127752"}],"wp:term":[{"taxonomy":"brand","embeddable":true,"href":"https:\/\/moto-oprema.com\/de\/wp-json\/wp\/v2\/brand?post=127752"},{"taxonomy":"gender","embeddable":true,"href":"https:\/\/moto-oprema.com\/de\/wp-json\/wp\/v2\/gender?post=127752"},{"taxonomy":"product_brand","embeddable":true,"href":"https:\/\/moto-oprema.com\/de\/wp-json\/wp\/v2\/product_brand?post=127752"},{"taxonomy":"product_cat","embeddable":true,"href":"https:\/\/moto-oprema.com\/de\/wp-json\/wp\/v2\/product_cat?post=127752"},{"taxonomy":"product_tag","embeddable":true,"href":"https:\/\/moto-oprema.com\/de\/wp-json\/wp\/v2\/product_tag?post=127752"}],"curies":[{"name":"wp","href":"https:\/\/api.w.org\/{rel}","templated":true}]}}

<p><span style="font-size: medium"><strong>ALPINESTARS Iguana Trinkrucksack.</strong> </span></p>
<p><span style="font-size: medium">Mit dem leichten Iguana Trinkrucksack können Sie die Fahrt noch länger genießen. Er wurde entwickelt, um Komfort, leichte Tragbarkeit, Atmungsaktivität und Haltbarkeit zu bieten.<br />
</span></p>
<p><span style="font-size: medium">Merkmale:</span></p>
<p><span style="font-size: medium">-Hergestellt aus hochwertigen Materialien  </span></p>
<p><span style="font-size: medium">-Inklusive 1,5l Trinkblase  </span></p>
<p><span style="font-size: medium">-Schlauch ermöglicht die Verwendung mit Helm und freihändiges Trinken  </span></p>
<p><span style="font-size: medium">-mit zwei Reißverschlußfächern  </span></p>
<p><span style="font-size: medium">-Wasserdichte Reißverschlusstasche im Hauptfach, mit Mikrofleece gefütterte Brillentasche, zwei kleine Netztaschen, große Tasche mit Blasennetz oder Rückenprotektor/Rückenprotektor  </span></p>
<p><span style="font-size: medium">-Ergonomischer Rücken mit Belüftungskanälen für optimale Luftzirkulation (15mm Mesh)  </span></p>
<p><span style="font-size: medium">Größe des Rucksacks: 6L</span></p>
<p><span style="font-size: medium">Materialien: Ripstop-Nylon und 450 Denier Polyester, PVC</span></p>

<p>ALPINESTARS Iguana Trinkrucksack. Mit dem leichten Iguana Trinkrucksack können Sie die Fahrt noch länger genießen. Er&#8230;</p>
