{"id":108948,"date":"2022-01-03T11:27:56","date_gmt":"2022-01-03T11:27:56","guid":{"rendered":"https:\/\/moto-oprema.com\/Artikel\/fly-racing-mtb-jugendhelm-mattschwarz\/"},"modified":"2022-01-03T11:27:56","modified_gmt":"2022-01-03T11:27:56","slug":"fly-racing-mtb-jugendhelm-mattschwarz","status":"publish","type":"product","link":"https:\/\/moto-oprema.com\/de\/Artikel\/fly-racing-mtb-jugendhelm-mattschwarz\/","title":{"rendered":"FLY RACING MTB JUGENDHELM MATTSCHWARZ"},"content":{"rendered":"<p>Der Rayce Helm besteht aus einer haltbaren Polycarbonat-Legierung mit einer hochdichten EPS-Schaumstoffeinlage f\u00fcr eine bessere Reaktion auf Aufprallenergie. Das herausnehmbare und waschbare Innenfutter und die Wangenpolster absorbieren Schwei\u00df und sorgen f\u00fcr optimale Atmungsaktivit\u00e4t. Der Helm verf\u00fcgt au\u00dferdem \u00fcber einen gepolsterten D-Ring-Bund.<br \/>True Functional Ventilation (TFV) &#8211; Wenn Sie sich bewegen, wird die Luft durch mehrere Lufteinl\u00e4sse gedr\u00fcckt, dann durch ausgerichtete Bel\u00fcftungskan\u00e4le im EPS geleitet und tritt aus mehreren hinteren Ausl\u00e4ssen aus.  <\/p>\n<p>CPSC 1203;<br \/>CE EZZN1078: 2012 + A1: 2012;<br \/>ASTM F1955-15<\/p>\n","protected":false},"excerpt":{"rendered":"<p>FLY RACING MTB-Helm Rayce<\/p>\n","protected":false},"featured_media":15664,"comment_status":"open","ping_status":"open","template":"","meta":{"_acf_changed":false},"brand":[2661],"gender":[],"product_brand":[],"product_cat":[2204,2075,2205],"product_tag":[],"class_list":{"0":"post-108948","1":"product","2":"type-product","3":"status-publish","4":"has-post-thumbnail","6":"brand-fly-racing-de","7":"product_cat-fur-die-jungsten","8":"product_cat-mtb-radfahren-ausrustung","9":"product_cat-mtb-helme-de","10":"pa_size-yl-de","11":"pa_size-ym-de","12":"pa_size-ys-de","14":"first","15":"onbackorder","16":"taxable","17":"shipping-taxable","18":"purchasable","19":"product-type-variable"},"acf":[],"_links":{"self":[{"href":"https:\/\/moto-oprema.com\/de\/wp-json\/wp\/v2\/product\/108948","targetHints":{"allow":["GET"]}}],"collection":[{"href":"https:\/\/moto-oprema.com\/de\/wp-json\/wp\/v2\/product"}],"about":[{"href":"https:\/\/moto-oprema.com\/de\/wp-json\/wp\/v2\/types\/product"}],"replies":[{"embeddable":true,"href":"https:\/\/moto-oprema.com\/de\/wp-json\/wp\/v2\/comments?post=108948"}],"wp:featuredmedia":[{"embeddable":true,"href":"https:\/\/moto-oprema.com\/de\/wp-json\/wp\/v2\/media\/15664"}],"wp:attachment":[{"href":"https:\/\/moto-oprema.com\/de\/wp-json\/wp\/v2\/media?parent=108948"}],"wp:term":[{"taxonomy":"brand","embeddable":true,"href":"https:\/\/moto-oprema.com\/de\/wp-json\/wp\/v2\/brand?post=108948"},{"taxonomy":"gender","embeddable":true,"href":"https:\/\/moto-oprema.com\/de\/wp-json\/wp\/v2\/gender?post=108948"},{"taxonomy":"product_brand","embeddable":true,"href":"https:\/\/moto-oprema.com\/de\/wp-json\/wp\/v2\/product_brand?post=108948"},{"taxonomy":"product_cat","embeddable":true,"href":"https:\/\/moto-oprema.com\/de\/wp-json\/wp\/v2\/product_cat?post=108948"},{"taxonomy":"product_tag","embeddable":true,"href":"https:\/\/moto-oprema.com\/de\/wp-json\/wp\/v2\/product_tag?post=108948"}],"curies":[{"name":"wp","href":"https:\/\/api.w.org\/{rel}","templated":true}]}}

<p>Der Rayce Helm besteht aus einer haltbaren Polycarbonat-Legierung mit einer hochdichten EPS-Schaumstoffeinlage für eine bessere Reaktion auf Aufprallenergie. Das herausnehmbare und waschbare Innenfutter und die Wangenpolster absorbieren Schweiß und sorgen für optimale Atmungsaktivität. Der Helm verfügt außerdem über einen gepolsterten D-Ring-Bund.<br />True Functional Ventilation (TFV) &#8211; Wenn Sie sich bewegen, wird die Luft durch mehrere Lufteinlässe gedrückt, dann durch ausgerichtete Belüftungskanäle im EPS geleitet und tritt aus mehreren hinteren Auslässen aus.  </p>
<p>CPSC 1203;<br />CE EZZN1078: 2012 + A1: 2012;<br />ASTM F1955-15</p>
