{"id":107135,"date":"2023-10-06T07:06:36","date_gmt":"2023-10-06T07:06:36","guid":{"rendered":"https:\/\/moto-oprema.com\/Artikel\/hjc-rpha12-helm-carbon\/"},"modified":"2023-10-06T07:06:36","modified_gmt":"2023-10-06T07:06:36","slug":"hjc-rpha12-helm-carbon","status":"publish","type":"product","link":"https:\/\/moto-oprema.com\/de\/Artikel\/hjc-rpha12-helm-carbon\/","title":{"rendered":"HJC RPHA12 HELM CARBON"},"content":{"rendered":"<p>HJC RPHA12 &#8211; neues Modell des beliebten Sporthelms<\/p>\n<p>Premium integrierte Matrix \/ P.I.M. EVO KARBON.<br \/>\nDie Au\u00dfenschale aus Karbonfaser bietet eine leichtere, komfortablere Schale mit besserer Sto\u00dffestigkeit.<br \/>\nPinlock Ready HJ-42 VISOR: Bietet 99% UV-Schutz, kratzfeste Beschichtung; Ratsche mit bidirektionalem Stift sorgt f\u00fcr reibungslose Ratschenbewegung und besseren Halt.<br \/>\nAerodynamische Schalenstruktur f\u00fcr herausragende Leistung bei H\u00f6chstgeschwindigkeiten.<br \/>\nNotfallset (Wangenklappen) zum sicheren und schnellen Abnehmen in Notsituationen.<br \/>\nDie gr\u00f6\u00dfere Augen\u00f6ffnung erm\u00f6glicht eine bessere periphere Sicht f\u00fcr den Fahrer.<br \/>\nDie fortschrittliche antibakterielle Innenausstattung sorgt f\u00fcr mehr Atmungsaktivit\u00e4t und schnelles Trocknen.<br \/>\nDie Innenschale und die Wangenknochen sind herausnehmbar und waschbar.<br \/>\nEr ist serienm\u00e4\u00dfig mit 2D Klar- und Dunkelnebel-VISOR, Pinlock,<br \/>\nKinnvorhang und Atemabweiser ausgestattet.<br \/>\n4 Oberteilgr\u00f6\u00dfen: XS, S, M-L, XL-2XL.<\/p>\n<p>Designpunkte aus Carbon<br \/>\nLufteinlassblende in der Farbe der Waffe<br \/>\nCarbon-Aufkleber<br \/>\nExklusiver Din-Ring aus gold eloxiertem Aluminium.<\/p>\n","protected":false},"excerpt":{"rendered":"<p>HJC RPHA 12 Integralhelm Farbe: Schwarz Carbon<\/p>\n","protected":false},"featured_media":107147,"comment_status":"open","ping_status":"closed","template":"","meta":{"_acf_changed":false},"brand":[2131],"gender":[],"product_brand":[],"product_cat":[1357,1360,1361],"product_tag":[],"class_list":{"0":"post-107135","1":"product","2":"type-product","3":"status-publish","4":"has-post-thumbnail","6":"brand-hjc-de","7":"product_cat-ausrustung-fur-motorradfahrer","8":"product_cat-helme","9":"product_cat-integral","10":"pa_size-l-de","11":"pa_size-m-de","12":"pa_size-s-de","13":"pa_size-xl-de","14":"pa_size-xs-de","15":"pa_size-xxl-de","16":"pa_size-xxs-de","18":"first","19":"instock","20":"taxable","21":"shipping-taxable","22":"purchasable","23":"product-type-variable"},"acf":[],"_links":{"self":[{"href":"https:\/\/moto-oprema.com\/de\/wp-json\/wp\/v2\/product\/107135","targetHints":{"allow":["GET"]}}],"collection":[{"href":"https:\/\/moto-oprema.com\/de\/wp-json\/wp\/v2\/product"}],"about":[{"href":"https:\/\/moto-oprema.com\/de\/wp-json\/wp\/v2\/types\/product"}],"replies":[{"embeddable":true,"href":"https:\/\/moto-oprema.com\/de\/wp-json\/wp\/v2\/comments?post=107135"}],"wp:featuredmedia":[{"embeddable":true,"href":"https:\/\/moto-oprema.com\/de\/wp-json\/wp\/v2\/media\/107147"}],"wp:attachment":[{"href":"https:\/\/moto-oprema.com\/de\/wp-json\/wp\/v2\/media?parent=107135"}],"wp:term":[{"taxonomy":"brand","embeddable":true,"href":"https:\/\/moto-oprema.com\/de\/wp-json\/wp\/v2\/brand?post=107135"},{"taxonomy":"gender","embeddable":true,"href":"https:\/\/moto-oprema.com\/de\/wp-json\/wp\/v2\/gender?post=107135"},{"taxonomy":"product_brand","embeddable":true,"href":"https:\/\/moto-oprema.com\/de\/wp-json\/wp\/v2\/product_brand?post=107135"},{"taxonomy":"product_cat","embeddable":true,"href":"https:\/\/moto-oprema.com\/de\/wp-json\/wp\/v2\/product_cat?post=107135"},{"taxonomy":"product_tag","embeddable":true,"href":"https:\/\/moto-oprema.com\/de\/wp-json\/wp\/v2\/product_tag?post=107135"}],"curies":[{"name":"wp","href":"https:\/\/api.w.org\/{rel}","templated":true}]}}

<p>HJC RPHA12 &#8211; neues Modell des beliebten Sporthelms</p>
<p>Premium integrierte Matrix / P.I.M. EVO KARBON.<br />
Die Außenschale aus Karbonfaser bietet eine leichtere, komfortablere Schale mit besserer Stoßfestigkeit.<br />
Pinlock Ready HJ-42 VISOR: Bietet 99% UV-Schutz, kratzfeste Beschichtung; Ratsche mit bidirektionalem Stift sorgt für reibungslose Ratschenbewegung und besseren Halt.<br />
Aerodynamische Schalenstruktur für herausragende Leistung bei Höchstgeschwindigkeiten.<br />
Notfallset (Wangenklappen) zum sicheren und schnellen Abnehmen in Notsituationen.<br />
Die größere Augenöffnung ermöglicht eine bessere periphere Sicht für den Fahrer.<br />
Die fortschrittliche antibakterielle Innenausstattung sorgt für mehr Atmungsaktivität und schnelles Trocknen.<br />
Die Innenschale und die Wangenknochen sind herausnehmbar und waschbar.<br />
Er ist serienmäßig mit 2D Klar- und Dunkelnebel-VISOR, Pinlock,<br />
Kinnvorhang und Atemabweiser ausgestattet.<br />
4 Oberteilgrößen: XS, S, M-L, XL-2XL.</p>
<p>Designpunkte aus Carbon<br />
Lufteinlassblende in der Farbe der Waffe<br />
Carbon-Aufkleber<br />
Exklusiver Din-Ring aus gold eloxiertem Aluminium.</p>
