{"id":102825,"date":"2024-04-08T08:16:21","date_gmt":"2024-04-08T08:16:21","guid":{"rendered":"https:\/\/moto-oprema.com\/Artikel\/alpinestars-amt-7-air-jacket-schwarz\/"},"modified":"2024-04-08T08:16:21","modified_gmt":"2024-04-08T08:16:21","slug":"alpinestars-amt-7-air-jacket-schwarz","status":"publish","type":"product","link":"https:\/\/moto-oprema.com\/de\/Artikel\/alpinestars-amt-7-air-jacket-schwarz\/","title":{"rendered":"ALPINESTARS AMT-7 AIR JACKET SCHWARZ"},"content":{"rendered":"<p>Die AMT-7 Air Jacket wurde entwickelt, um optimalen Schutz, Komfort, Bel\u00fcftung und Luftzirkulation bei warmen Fahrbedingungen zu bieten. Dabei kommen die fortschrittlichsten Materialtechnologien von Alpinestars zum Einsatz, einschlie\u00dflich umfangreicher MATYRX\u00ae-Eins\u00e4tze f\u00fcr verbesserte Luftzirkulation und mechanische Leistung.<\/p>\n<p>1. eine Jacke mit perfekter Luftzirkulation, die ein hohes Ma\u00df an Schutz bietet.<br \/>\n2. eine ma\u00dfgeschneiderte Passform f\u00fcr die Stra\u00dfe, mit reduzierter L\u00e4nge, konturiertem Saum und vorgeformten Schultern f\u00fcr \u00fcberragenden Fahrerkomfort und geringere Erm\u00fcdung.<br \/>\n3. strategische Laserperforationen f\u00fcr optimale Bel\u00fcftung.<br \/>\n4. MATRYX\u00ae Bel\u00fcftungseins\u00e4tze an Brust und R\u00fccken f\u00fcr k\u00fchlenden Luftstrom.<br \/>\n5.CORDURA\u00ae Ripstop an Unterarmen, Ellbogen und Schultern f\u00fcr effektive Abriebfestigkeit.<br \/>\n6.RIDEKNIT\u00ae Innenkonstruktion an den Armen f\u00fcr mehr Bewegungsfreiheit und verbesserte Luftzirkulation.<br \/>\n7.Erweiterbar mit Alpinestars AMT Thermal Liner und AMT Drystar\u00aeXF Storm Gear f\u00fcr zus\u00e4tzliche Leistung bei allen Wetterbedingungen.<\/p>\n","protected":false},"excerpt":{"rendered":"<p>Die AMT-7 Air Jacket wurde entwickelt, um optimalen Schutz, Komfort, Bel\u00fcftung und Luftzirkulation bei warmen Fahrbedingungen&#8230;<\/p>\n","protected":false},"featured_media":27961,"comment_status":"open","ping_status":"open","template":"","meta":{"_acf_changed":false},"brand":[2111],"gender":[],"product_brand":[],"product_cat":[1357,2045,2048],"product_tag":[],"class_list":{"0":"post-102825","1":"product","2":"type-product","3":"status-publish","4":"has-post-thumbnail","6":"brand-alpinestars-de","7":"product_cat-ausrustung-fur-motorradfahrer","8":"product_cat-jakne-de","9":"product_cat-textil-jacken","10":"pa_size-l-de","11":"pa_size-m-de","12":"pa_size-s-de","13":"pa_size-xl-de","14":"pa_size-xxl-de","15":"pa_size-xxxl-de","17":"first","18":"instock","19":"sale","20":"taxable","21":"shipping-taxable","22":"purchasable","23":"product-type-variable"},"acf":[],"_links":{"self":[{"href":"https:\/\/moto-oprema.com\/de\/wp-json\/wp\/v2\/product\/102825","targetHints":{"allow":["GET"]}}],"collection":[{"href":"https:\/\/moto-oprema.com\/de\/wp-json\/wp\/v2\/product"}],"about":[{"href":"https:\/\/moto-oprema.com\/de\/wp-json\/wp\/v2\/types\/product"}],"replies":[{"embeddable":true,"href":"https:\/\/moto-oprema.com\/de\/wp-json\/wp\/v2\/comments?post=102825"}],"wp:featuredmedia":[{"embeddable":true,"href":"https:\/\/moto-oprema.com\/de\/wp-json\/wp\/v2\/media\/27961"}],"wp:attachment":[{"href":"https:\/\/moto-oprema.com\/de\/wp-json\/wp\/v2\/media?parent=102825"}],"wp:term":[{"taxonomy":"brand","embeddable":true,"href":"https:\/\/moto-oprema.com\/de\/wp-json\/wp\/v2\/brand?post=102825"},{"taxonomy":"gender","embeddable":true,"href":"https:\/\/moto-oprema.com\/de\/wp-json\/wp\/v2\/gender?post=102825"},{"taxonomy":"product_brand","embeddable":true,"href":"https:\/\/moto-oprema.com\/de\/wp-json\/wp\/v2\/product_brand?post=102825"},{"taxonomy":"product_cat","embeddable":true,"href":"https:\/\/moto-oprema.com\/de\/wp-json\/wp\/v2\/product_cat?post=102825"},{"taxonomy":"product_tag","embeddable":true,"href":"https:\/\/moto-oprema.com\/de\/wp-json\/wp\/v2\/product_tag?post=102825"}],"curies":[{"name":"wp","href":"https:\/\/api.w.org\/{rel}","templated":true}]}}

<p>Die AMT-7 Air Jacket wurde entwickelt, um optimalen Schutz, Komfort, Belüftung und Luftzirkulation bei warmen Fahrbedingungen zu bieten. Dabei kommen die fortschrittlichsten Materialtechnologien von Alpinestars zum Einsatz, einschließlich umfangreicher MATYRX®-Einsätze für verbesserte Luftzirkulation und mechanische Leistung.</p>
<p>1. eine Jacke mit perfekter Luftzirkulation, die ein hohes Maß an Schutz bietet.<br />
2. eine maßgeschneiderte Passform für die Straße, mit reduzierter Länge, konturiertem Saum und vorgeformten Schultern für überragenden Fahrerkomfort und geringere Ermüdung.<br />
3. strategische Laserperforationen für optimale Belüftung.<br />
4. MATRYX® Belüftungseinsätze an Brust und Rücken für kühlenden Luftstrom.<br />
5.CORDURA® Ripstop an Unterarmen, Ellbogen und Schultern für effektive Abriebfestigkeit.<br />
6.RIDEKNIT® Innenkonstruktion an den Armen für mehr Bewegungsfreiheit und verbesserte Luftzirkulation.<br />
7.Erweiterbar mit Alpinestars AMT Thermal Liner und AMT Drystar®XF Storm Gear für zusätzliche Leistung bei allen Wetterbedingungen.</p>

<p>Die AMT-7 Air Jacket wurde entwickelt, um optimalen Schutz, Komfort, Belüftung und Luftzirkulation bei warmen Fahrbedingungen&#8230;</p>
